{"id":907,"date":"2010-09-30T09:11:09","date_gmt":"2010-09-30T09:11:09","guid":{"rendered":"http:\/\/localhost\/wp\/wordpress\/nusini-cend-zarawey-kurdi-le-rojhnamey-kurdistan-da\/"},"modified":"2010-09-30T09:11:09","modified_gmt":"2010-09-30T09:11:09","slug":"nusini-cend-zarawey-kurdi-le-rojhnamey-kurdistan-da","status":"publish","type":"page","link":"https:\/\/kurdishacademy.org\/?page_id=907","title":{"rendered":"N\u00fas\u00edn\u00ed cend zarawey Kurd\u00ed le rojhnamey Kurdistan da"},"content":{"rendered":"<p><img loading=\"lazy\" decoding=\"async\" class=\" alignright size-full wp-image-906\" width=\"120\" height=\"184\" border=\"1\" align=\"right\" title=\"Ihsan Nur&iacute; Pasha\" class=\"caption\" alt=\"\" src=\"http:\/\/localhost\/wp\/wordpress\/wp-content\/uploads\/2010\/09\/ihsan_nuri_pasha_1961.jpg\" \/>Namey zanay dillsoz u mezin&iacute; Kurd &quot;Jhiniral Ihsan N&uacute;r&iacute; Pasha&quot; le barey b&iacute;r u ray n&uacute;seran&iacute; rojhnamey Kurdistan u Komell&iacute; Xiw&eacute;ndkaran&iacute; Kurd le Ur&uacute;pa sebaret be yekyet&iacute;y ziman&iacute; Kurd&iacute;<\/p>\n<p><strong>N&uacute;s&iacute;n&iacute; cend zarawey Kurd&iacute; le rojhnamey Kurdistan da<\/strong><\/p>\n<p>B&iacute;r u ra u end&iacute;shey jewanan&iacute; t&eacute;gey&iacute;shtoy Kurd be j&eacute; ya., bellam wellam&iacute; rojhnamey Kurdistan&iacute;sh h&eacute;jha (benirx) u ment&iacute;q&iacute; ye, we tenanet bo yekyet&iacute; hem&uacute; sh&eacute;wekan s&uacute;dmentir eb&eacute;, we damezirandin&iacute; du ziman &quot;Kurmanj&iacute; bak&uacute;r&iacute; u Soran&iacute;&quot; bo n&uacute;s&iacute;n&iacute; Kurd&iacute; bash n&iacute;ye.&nbsp;<\/p>\n<p><!--more--><\/p>\n<p><img loading=\"lazy\" decoding=\"async\" class=\" alignright size-full wp-image-906\" width=\"120\" height=\"184\" border=\"1\" align=\"right\" title=\"Ihsan Nur&iacute; Pasha\" class=\"caption\" alt=\"\" src=\"http:\/\/localhost\/wp\/wordpress\/wp-content\/uploads\/2010\/09\/ihsan_nuri_pasha_1961.jpg\" \/>Namey zanay dillsoz u mezin&iacute; Kurd &quot;Jhiniral Ihsan N&uacute;r&iacute; Pasha&quot; le barey b&iacute;r u ray n&uacute;seran&iacute; rojhnamey Kurdistan u Komell&iacute; Xiw&eacute;ndkaran&iacute; Kurd le Ur&uacute;pa sebaret be yekyet&iacute;y ziman&iacute; Kurd&iacute;<\/p>\n<p><strong>N&uacute;s&iacute;n&iacute; cend zarawey Kurd&iacute; le rojhnamey Kurdistan da<\/strong><\/p>\n<p>B&iacute;r u ra u end&iacute;shey jewanan&iacute; t&eacute;gey&iacute;shtoy Kurd be j&eacute; ya., bellam wellam&iacute; rojhnamey Kurdistan&iacute;sh h&eacute;jha (benirx) u ment&iacute;q&iacute; ye, we tenanet bo yekyet&iacute; hem&uacute; sh&eacute;wekan s&uacute;dmentir eb&eacute;, we damezirandin&iacute; du ziman &quot;Kurmanj&iacute; bak&uacute;r&iacute; u Soran&iacute;&quot; bo n&uacute;s&iacute;n&iacute; Kurd&iacute; bash n&iacute;ye.&nbsp;<\/p>\n<p><!--break--><\/p>\n<p>Her netewey&iacute; p&eacute;w&iacute;ste be tenya yek ziman bixiw&eacute;nit u bin&uacute;s&eacute;t, we bo gey&iacute;shtin bew amanje ke damezirandin&iacute; ziman&eacute;k&iacute; w&eacute;jhey&iacute; Kurd&iacute; ye, p&eacute;w&iacute;ste le n&uacute;s&iacute;n&iacute; zarawey hem&uacute; nawcekan le rojhname kelk wer bigirin.&nbsp;<\/p>\n<p>Le dahat&uacute;da bo asan kirdin u p&eacute;kh&eacute;nan&iacute; yekyet&iacute; zarawekan le kat&iacute; n&uacute;s&iacute;nda, wushey ew sh&eacute;wekan ke le naw&iacute; sh&eacute;wey w&eacute;jhey&iacute; dan&iacute;n, kem kem eb&eacute; t&eacute;killaw&iacute; sh&eacute;wey w&eacute;jhey&iacute; bikir&eacute;n, we bem jore wushey hem&uacute; sh&eacute;wekan tekell ebin. We ellbet eb&eacute; wushey Lurr&iacute; u Bextyar&iacute;sh le ber caw d&uacute;r negirin. Eger wushey&eacute;k&iacute; b&eacute;gane le sh&eacute;wekanda heb&eacute;, we le beranberewe wushey&eacute;k&iacute; Kurd&iacute; le her sh&eacute;wey&eacute;kda dest kew&eacute; eb&eacute; ew Kurd&iacute;ye wegirin u b&eacute;ganeke derxen, weku: ew le bat&iacute; &quot;Teyare&quot; ell&eacute;n: ballafirr ya firroke, we le bat&iacute; &quot;milet&quot; bill&eacute;n: newtewe. Kat&eacute; sh&eacute;wekan bem jorep&eacute;kewe niz&iacute;k b&uacute;tewe, eb&eacute; heyet&eacute; ferheng&iacute; zana le niw&eacute;neran&iacute; sh&eacute;we jor be jorekan p&eacute;k b&eacute;n, we ewan hem&uacute; ew kem u kestey ke mawetewe, le n&eacute;w&iacute; biben, we bo sertaser&iacute; Kurdistan yenya yek ziman&iacute; w&eacute;jhey&iacute; damezir&eacute;nin.&nbsp;<\/p>\n<p>Min eme be cak ezanim, ta qisey zanayan&iacute; Kurd c&iacute; b&eacute;.&nbsp;<\/p>\n<p>Ihsan Nur&iacute;<\/p>\n<p class=\"rtecenter\"><span style=\"color: rgb(153, 153, 153); \">&#8212;&#8212;&#8212;&#8211; kotah&iacute; nameke &#8212;&#8212;&#8212;&#8211;<\/span><\/p>\n<p><em><strong>Sercawe:<\/strong> Hewtenamey Kurdistan, cap&iacute; Taran, Jhimarey 31, sall&iacute; s&eacute;hem, jhimarey shiw&eacute;nyek 134, 15y sermawez&iacute; 1340, 6y D&eacute;sambir&iacute; 1961<\/em><\/p>\n<p>&nbsp;<\/p>\n<p><strong>T&eacute;b&iacute;n&iacute;:<\/strong> eme batete le r&uacute;pel&iacute; <a href=\"http:\/\/www.facebook.com\/note.php?note_id=445975424100&amp;comments&amp;ref=notif&amp;notif_t=note_reply\">&quot;facebook&quot;&iacute; kak H&eacute;d&iacute;<\/a> wergirawe.<\/p>\n","protected":false},"excerpt":{"rendered":"<p>Namey zanay dillsoz u mezin&iacute; Kurd &quot;Jhiniral Ihsan N&uacute;r&iacute; Pasha&quot; le barey b&iacute;r u ray n&uacute;seran&iacute; rojhnamey Kurdistan u Komell&iacute; Xiw&eacute;ndkaran&iacute; Kurd le Ur&uacute;pa sebaret be<span class=\"excerpt-hellip\"> [\u2026]<\/span><\/p>\n","protected":false},"author":1,"featured_media":906,"parent":0,"menu_order":0,"comment_status":"closed","ping_status":"closed","template":"","meta":{"footnotes":""},"categories":[],"tags":[],"class_list":["post-907","page","type-page","status-publish","has-post-thumbnail","hentry"],"_links":{"self":[{"href":"https:\/\/kurdishacademy.org\/index.php?rest_route=\/wp\/v2\/pages\/907","targetHints":{"allow":["GET"]}}],"collection":[{"href":"https:\/\/kurdishacademy.org\/index.php?rest_route=\/wp\/v2\/pages"}],"about":[{"href":"https:\/\/kurdishacademy.org\/index.php?rest_route=\/wp\/v2\/types\/page"}],"author":[{"embeddable":true,"href":"https:\/\/kurdishacademy.org\/index.php?rest_route=\/wp\/v2\/users\/1"}],"replies":[{"embeddable":true,"href":"https:\/\/kurdishacademy.org\/index.php?rest_route=%2Fwp%2Fv2%2Fcomments&post=907"}],"version-history":[{"count":0,"href":"https:\/\/kurdishacademy.org\/index.php?rest_route=\/wp\/v2\/pages\/907\/revisions"}],"wp:featuredmedia":[{"embeddable":true,"href":"https:\/\/kurdishacademy.org\/index.php?rest_route=\/"}],"wp:attachment":[{"href":"https:\/\/kurdishacademy.org\/index.php?rest_route=%2Fwp%2Fv2%2Fmedia&parent=907"}],"wp:term":[{"taxonomy":"category","embeddable":true,"href":"https:\/\/kurdishacademy.org\/index.php?rest_route=%2Fwp%2Fv2%2Fcategories&post=907"},{"taxonomy":"post_tag","embeddable":true,"href":"https:\/\/kurdishacademy.org\/index.php?rest_route=%2Fwp%2Fv2%2Ftags&post=907"}],"curies":[{"name":"wp","href":"https:\/\/api.w.org\/{rel}","templated":true}]}}

Núsíní cend zarawey Kurdí le rojhnamey Kurdistan da
