{"id":812,"date":"2009-07-29T11:23:05","date_gmt":"2009-07-29T11:23:05","guid":{"rendered":"http:\/\/localhost\/wp\/wordpress\/yusuf-ziya-ad-din-pasha\/"},"modified":"2009-07-29T11:23:05","modified_gmt":"2009-07-29T11:23:05","slug":"yusuf-ziya-ad-din-pasha","status":"publish","type":"page","link":"https:\/\/kurdishacademy.org\/?page_id=812","title":{"rendered":"Yusuf Ziya ad-Din Pasha"},"content":{"rendered":"<p><strong>KAL needs your scholarly expertise in this area. Please register with us and help collecting information in this subject area. <br \/>\n<\/strong><\/p>\n<p><strong>Who was he? <\/strong>When\/where was he born?<\/p>\n<p>&nbsp;<\/p>\n<p><strong>Shaykh Yusuf Ziya&#8217;u&#8217;d-Din (Ziya ad-Din)&nbsp;<strong>Pasha al-Khalidi al-Maqdisf<\/strong>,&nbsp;<\/strong><br \/>\nA Kurdish-Arabic Dictionary (<span style=\"font-size: small;\"><span dir=\"rtl\"><span style=\"font-family: Tahoma;\">\u0627\u0644\u0647\u062f\u06cc\u0651\u0640\u0629 \u0627\u0644\u0645\u062d\u0645\u06cc\u062f\u06cc\u0651\u0640\u0629 \u0641\u06cc \u0627\u0644\u0644\u0651\u063a\u0640\u0629 \u0627\u0644\u0643\u0631\u062f\u06cc\u0651\u0640\u0629<\/span><\/span><\/span>), with an Introduction on&nbsp;the Grammar of the language, concluding with an Anthology,&nbsp;Pp- 3I9-&nbsp;<a href=\"http:\/\/ro.wikipedia.org\/wiki\/Constantinopol\">Constantinopol<\/a>, 1310 (1892-3).<\/p>\n<p>&nbsp;<\/p>\n<p>&nbsp;<\/p>\n<p><!--more--><\/p>\n<p><strong>KAL needs your scholarly expertise in this area. Please register with us and help collecting information in this subject area. <br \/>\n<\/strong><\/p>\n<p><strong>Who was he? <\/strong>When\/where was he born?<\/p>\n<p>&nbsp;<\/p>\n<p><strong>Shaykh Yusuf Ziya&#8217;u&#8217;d-Din (Ziya ad-Din)&nbsp;<strong>Pasha al-Khalidi al-Maqdisf<\/strong>,&nbsp;<\/strong><br \/>\nA Kurdish-Arabic Dictionary (<span style=\"font-size: small;\"><span dir=\"rtl\"><span style=\"font-family: Tahoma;\">\u0627\u0644\u0647\u062f\u06cc\u0651\u0640\u0629 \u0627\u0644\u0645\u062d\u0645\u06cc\u062f\u06cc\u0651\u0640\u0629 \u0641\u06cc \u0627\u0644\u0644\u0651\u063a\u0640\u0629 \u0627\u0644\u0643\u0631\u062f\u06cc\u0651\u0640\u0629<\/span><\/span><\/span>), with an Introduction on&nbsp;the Grammar of the language, concluding with an Anthology,&nbsp;Pp- 3I9-&nbsp;<a href=\"http:\/\/ro.wikipedia.org\/wiki\/Constantinopol\">Constantinopol<\/a>, 1310 (1892-3).<\/p>\n<p>&nbsp;<\/p>\n<p>&nbsp;<\/p>\n<p>An article from the First Kurdish news paper &quot;Kurdistan&quot; about this book<\/p>\n<blockquote>\n<p>&ldquo;Hin Xalidi hene, li Qudsa \u015ferif in. Yek ji van, xweyfezl u kerem \u015fex Yusuf Ziyaeddin Pa\u015fa ye. Xwede umre wi direj u ilme wi zede bike. Beri \u015fe\u015f sala kitebek &ccedil;ekiriye, nave ve kitebe &ldquo;El-Hediyyet&rsquo;ul Hemidiyye fi&rsquo;l Luxet&rsquo;il Kurdiyye&quot; ye. Ev kiteb wek Erebi yi behsa qewaiden ezimane Kurmanci dike. Luxaten Kurmanci hemi gihandine hev, ve kitebe de nivisiye. Mala wi ava, esaek ji ezmane Kurmanca re dani. Ex hevi dikim ku ulema u mir u pa\u015fayen Kurda ji ve kitebe peyda bikin. Gelek kitebek qenc e. Ulemayen Kurda re lazim e ku ew ji ji ezamne xwe re ti\u015fki binivsin.&rdquo;<\/p>\n<p>Kurdistan 7 May\u0131s\/ sene 1314 (1898)<\/p>\n<p>Mikdat Mithat Bey (Bedirhanzade)<\/p>\n<\/blockquote>\n<p>&nbsp;<\/p>\n","protected":false},"excerpt":{"rendered":"<p>KAL needs your scholarly expertise in this area. Please register with us and help collecting information in this subject area. Who was he? When\/where was he<span class=\"excerpt-hellip\"> [\u2026]<\/span><\/p>\n","protected":false},"author":1,"featured_media":0,"parent":0,"menu_order":0,"comment_status":"closed","ping_status":"closed","template":"","meta":{"footnotes":""},"categories":[],"tags":[],"class_list":["post-812","page","type-page","status-publish","hentry"],"_links":{"self":[{"href":"https:\/\/kurdishacademy.org\/index.php?rest_route=\/wp\/v2\/pages\/812","targetHints":{"allow":["GET"]}}],"collection":[{"href":"https:\/\/kurdishacademy.org\/index.php?rest_route=\/wp\/v2\/pages"}],"about":[{"href":"https:\/\/kurdishacademy.org\/index.php?rest_route=\/wp\/v2\/types\/page"}],"author":[{"embeddable":true,"href":"https:\/\/kurdishacademy.org\/index.php?rest_route=\/wp\/v2\/users\/1"}],"replies":[{"embeddable":true,"href":"https:\/\/kurdishacademy.org\/index.php?rest_route=%2Fwp%2Fv2%2Fcomments&post=812"}],"version-history":[{"count":0,"href":"https:\/\/kurdishacademy.org\/index.php?rest_route=\/wp\/v2\/pages\/812\/revisions"}],"wp:attachment":[{"href":"https:\/\/kurdishacademy.org\/index.php?rest_route=%2Fwp%2Fv2%2Fmedia&parent=812"}],"wp:term":[{"taxonomy":"category","embeddable":true,"href":"https:\/\/kurdishacademy.org\/index.php?rest_route=%2Fwp%2Fv2%2Fcategories&post=812"},{"taxonomy":"post_tag","embeddable":true,"href":"https:\/\/kurdishacademy.org\/index.php?rest_route=%2Fwp%2Fv2%2Ftags&post=812"}],"curies":[{"name":"wp","href":"https:\/\/api.w.org\/{rel}","templated":true}]}}

<p><strong>KAL needs your scholarly expertise in this area. Please register with us and help collecting information in this subject area. <br />
</strong></p>
<p><strong>Who was he? </strong>When/where was he born?</p>
<p>&nbsp;</p>
<p><strong>Shaykh Yusuf Ziya&#8217;u&#8217;d-Din (Ziya ad-Din)&nbsp;<strong>Pasha al-Khalidi al-Maqdisf</strong>,&nbsp;</strong><br />
A Kurdish-Arabic Dictionary (<span style="font-size: small;"><span dir="rtl"><span style="font-family: Tahoma;">الهدیّـة المحمیدیّـة فی اللّغـة الكردیّـة</span></span></span>), with an Introduction on&nbsp;the Grammar of the language, concluding with an Anthology,&nbsp;Pp- 3I9-&nbsp;<a href="http://ro.wikipedia.org/wiki/Constantinopol">Constantinopol</a>, 1310 (1892-3).</p>
<p>&nbsp;</p>
<p>&nbsp;</p>
<p><!--more--></p>
<p><strong>KAL needs your scholarly expertise in this area. Please register with us and help collecting information in this subject area. <br />
</strong></p>
<p><strong>Who was he? </strong>When/where was he born?</p>
<p>&nbsp;</p>
<p><strong>Shaykh Yusuf Ziya&#8217;u&#8217;d-Din (Ziya ad-Din)&nbsp;<strong>Pasha al-Khalidi al-Maqdisf</strong>,&nbsp;</strong><br />
A Kurdish-Arabic Dictionary (<span style="font-size: small;"><span dir="rtl"><span style="font-family: Tahoma;">الهدیّـة المحمیدیّـة فی اللّغـة الكردیّـة</span></span></span>), with an Introduction on&nbsp;the Grammar of the language, concluding with an Anthology,&nbsp;Pp- 3I9-&nbsp;<a href="http://ro.wikipedia.org/wiki/Constantinopol">Constantinopol</a>, 1310 (1892-3).</p>
<p>&nbsp;</p>
<p>&nbsp;</p>
<p>An article from the First Kurdish news paper &quot;Kurdistan&quot; about this book</p>
<blockquote>
<p>&ldquo;Hin Xalidi hene, li Qudsa şerif in. Yek ji van, xweyfezl u kerem şex Yusuf Ziyaeddin Paşa ye. Xwede umre wi direj u ilme wi zede bike. Beri şeş sala kitebek &ccedil;ekiriye, nave ve kitebe &ldquo;El-Hediyyet&rsquo;ul Hemidiyye fi&rsquo;l Luxet&rsquo;il Kurdiyye&quot; ye. Ev kiteb wek Erebi yi behsa qewaiden ezimane Kurmanci dike. Luxaten Kurmanci hemi gihandine hev, ve kitebe de nivisiye. Mala wi ava, esaek ji ezmane Kurmanca re dani. Ex hevi dikim ku ulema u mir u paşayen Kurda ji ve kitebe peyda bikin. Gelek kitebek qenc e. Ulemayen Kurda re lazim e ku ew ji ji ezamne xwe re tişki binivsin.&rdquo;</p>
<p>Kurdistan 7 Mayıs/ sene 1314 (1898)</p>
<p>Mikdat Mithat Bey (Bedirhanzade)</p>
</blockquote>
<p>&nbsp;</p>
