{"id":722,"date":"2009-05-01T11:52:45","date_gmt":"2009-05-01T11:52:45","guid":{"rendered":"http:\/\/localhost\/wp\/wordpress\/ibrahim-amin-balldar-1920-1998\/"},"modified":"2019-11-15T17:37:50","modified_gmt":"2019-11-15T17:37:50","slug":"ibrahim-amin-balldar","status":"publish","type":"page","link":"https:\/\/kurdishacademy.org\/?page_id=722","title":{"rendered":"Ibrahim Amin Balldar (1920-1998)"},"content":{"rendered":"<p><img loading=\"lazy\" decoding=\"async\" class=\"alignright wp-image-2878 \" src=\"https:\/\/kurdishacademy.org\/wp-content\/uploads\/2019\/11\/Ibrahim_Amin_Baldar_130.jpg\" alt=\"I A Baldar\" width=\"149\" height=\"187\" srcset=\"https:\/\/kurdishacademy.org\/wp-content\/uploads\/2019\/11\/Ibrahim_Amin_Baldar_130.jpg 130w, https:\/\/kurdishacademy.org\/wp-content\/uploads\/2019\/11\/Ibrahim_Amin_Baldar_130-116x146.jpg 116w, https:\/\/kurdishacademy.org\/wp-content\/uploads\/2019\/11\/Ibrahim_Amin_Baldar_130-40x50.jpg 40w, https:\/\/kurdishacademy.org\/wp-content\/uploads\/2019\/11\/Ibrahim_Amin_Baldar_130-60x75.jpg 60w\" sizes=\"auto, (max-width: 149px) 100vw, 149px\" \/><\/p>\n<p>Ibrahim Amin Baldar (Kurdish: \u00cdbrah\u00edm Em\u00edn Balldar, <span style=\"font-family: Tahoma;\"><span style=\"font-size: small;\">\u0626\u06cc\u0628\u0631\u0627\u0647\u06cc\u0645 \u0626\u0647\u200c\u0645\u06cc\u0646 \u0628\u0627\u06b5\u062f\u0627\u0631<\/span><\/span>) was born in 1920 in the city of <a href=\"http:\/\/en.wikipedia.org\/wiki\/Sulaymaniyah\">Sulaimaniya\/Sil\u00e9man\u00ed<\/a>, the capital of <a href=\"\/?q=node\/257\">native Baban province<\/a> in Kurdistan. He is the legendary author to the first official Kurdish textbook &#8220;<a href=\"\/?q=node\/517\">Elfub\u00e9y Niw\u00e9<\/a>&#8221; published in 1951.<\/p>\n<p>Balldar finished his primary and secondary school in his hometown of Sil\u00e9man\u00ed. He continued his education at the rural teachers school of Rustamiyya\/Rostamia, receiving his diploma in 1940. He began his professional career as a teacher in the villages around Sil\u00e9man\u00ed. Balldar taught in district villages in Hawraman, Surdash, P\u00e9jhdar, Soran as well as Shar\u00edzor. This imparted to young Balldar the practical experience with teaching in a rural setting with a very low literacy tradition.<\/p>\n<p><!--break--><\/p>\n<p>Balldar was a passionate schoolteacher who was eager to go the extra distance to be more productive. He was only 31 years of age, when the <a href=\"\/?q=node\/489\">Iraqi ministry of Education<\/a> accepted the reformed Kurdo-Arabic writing system for Kurdish language. Balldar published the first standard Kurdish textbook Elfub\u00e9y Niw\u00e9 (\u201cThe New Alphabet\u201d) for primary schools in 1951. This textbook has been upgraded and republished over 36 times. This book is a turning point in Kurdish history of education. Many great Kurdish scholars of have ever since began their elementary school education with this same textbook.<\/p>\n<p>His ambitions for higher education led him to enter the Trade and Economy School in Baghdad in the middle of 1950s where he received his Bachelor degree. In early 1960s he was accepted to study in a masters program at the <a href=\"http:\/\/en.wikipedia.org\/wiki\/San_Francisco_State_University\">San Francisco State Teachers College<\/a>. After his study in the USA he returned to his hometown and started work as lecturer at the Department of Literature of the newly-established University of Sil\u00e9man\u00ed in 1968.<\/p>\n<p>The University of Sil\u00e9man\u00ed was transferred to Arbil\/Hewl\u00e9r and renamed The University of Salahaddin in 1981. Balldar continued his career as lecturer in that university until late 1980s. Balldar then moved to Baghdad and continued his career at the <a href=\"http:\/\/en.wikipedia.org\/wiki\/Al-Mustansiriya_University\">Al-Mustansiriya University<\/a>.<\/p>\n<p>Balldar died on Friday the 10th of July 1998 in his home in Baghdad. His ashes were buried in Gardi Saywan cemetery in Sil\u00e9man\u00ed.<\/p>\n<p class=\"rtecenter\"><img loading=\"lazy\" decoding=\"async\" class=\"aligncenter\" src=\"https:\/\/kurdishacademy.org\/wp-content\/uploads\/2019\/11\/balldar_alphabet_1951.jpg\" alt=\"\" width=\"522\" height=\"700\"><\/p>\n<p class=\"rtecenter\">Fig 1: The reformed Arabic alphabet for Middle Kurdish in Balldar&#8217;s Textbook &#8220;Elfub\u00e9y Niw\u00e9&#8221; in 1951<\/p>\n<p class=\"rtecenter\"><img loading=\"lazy\" decoding=\"async\" class=\"aligncenter\" src=\"https:\/\/kurdishacademy.org\/wp-content\/uploads\/2019\/11\/balldar_alphabet_1961.jpg\" alt=\"\" width=\"531\" height=\"702\"><\/p>\n<p class=\"rtecenter\">Fig 2: The revised alphabet in Balldar&#8217;s Textbook &#8220;Elfub\u00e9y Niw\u00e9&#8221; in 1960 edition<\/p>\n<p><strong>Publication<\/strong><\/p>\n<ol>\n<li>I.A. Balldar, Elfub\u00e9y Niw\u00e9 (New Alphabet), Ed 1, Najah Press, Baghdad, 1951<\/li>\n<li>I.A. Balldar, Elfub\u00e9y bo gewran (Alphabet for Adult), Ed 1, Baghdad, 1955<\/li>\n<li>I.A. Balldar, Elfub\u00eay Niw\u00e9 (New Alphabet), Ed 2, Furat Press, Baghdad, 1960<\/li>\n<li>I.A. Balldar, Al-Libinye Al-medresye Al-medaris Al-Ibtdayiye (<span style=\"font-family: Tahoma;\"><span style=\"font-size: small;\">\u0627\u0644\u0627\u0628\u0646\u06cc\u0647 \u0627\u0644\u0645\u062f\u0631\u0633\u06cc\u0647 \u0644\u0644\u0645\u062f\u0627\u0631\u0633 \u0627\u0644\u0627\u0628\u062a\u062f\u0627\u0626\u06cc\u0647<\/span><\/span>), Ed 1, Baghdad, 1965<\/li>\n<li>I.A. Balldar, Mash\u00e1kil al-kutub al-dir\u00e1s\u00edyya al-Kurd\u00edyya (Problems of Kurdish textbooks), Journal of Kurdish Academy, Vol. 14, 1986, pp. 232-247<\/li>\n<li>I.A. Balldar, Elfub\u00e9y Niw\u00e9, Ed 34, <a href=\"http:\/\/www.apec.nu\/forlag\/index.php?act=viewProd&amp;productId=42\">Apec F\u00f6rlag AB<\/a> Press, Sweden, 1999 ,&nbsp;(KAL&#8217;s note:&nbsp;<a href=\"\/?q=node\/517\">This edition of the book has been convreted into&nbsp;Yekgirt\u00fa Alphabet&nbsp;by Dr D. Roshani<\/a>)<\/li>\n<\/ol>\n<p><em>This short biography was prepared by <a href=\"\/dilan-majid-rostam\">Dr Dilan M R Roshani<\/a><\/em><\/p>\n","protected":false},"excerpt":{"rendered":"<p>Ibrahim Amin Baldar (Kurdish: \u00cdbrah\u00edm Em\u00edn Balldar, \u0626\u06cc\u0628\u0631\u0627\u0647\u06cc\u0645 \u0626\u0647\u200c\u0645\u06cc\u0646 \u0628\u0627\u06b5\u062f\u0627\u0631) was born in 1920 in the city of Sulaimaniya\/Sil\u00e9man\u00ed, the capital of native Baban province in<span class=\"excerpt-hellip\"> [\u2026]<\/span><\/p>\n","protected":false},"author":1,"featured_media":719,"parent":0,"menu_order":0,"comment_status":"closed","ping_status":"closed","template":"","meta":{"footnotes":""},"categories":[25],"tags":[30],"class_list":["post-722","page","type-page","status-publish","has-post-thumbnail","hentry","category-linguistic-figures","tag-linguistic-figures"],"_links":{"self":[{"href":"https:\/\/kurdishacademy.org\/index.php?rest_route=\/wp\/v2\/pages\/722","targetHints":{"allow":["GET"]}}],"collection":[{"href":"https:\/\/kurdishacademy.org\/index.php?rest_route=\/wp\/v2\/pages"}],"about":[{"href":"https:\/\/kurdishacademy.org\/index.php?rest_route=\/wp\/v2\/types\/page"}],"author":[{"embeddable":true,"href":"https:\/\/kurdishacademy.org\/index.php?rest_route=\/wp\/v2\/users\/1"}],"replies":[{"embeddable":true,"href":"https:\/\/kurdishacademy.org\/index.php?rest_route=%2Fwp%2Fv2%2Fcomments&post=722"}],"version-history":[{"count":13,"href":"https:\/\/kurdishacademy.org\/index.php?rest_route=\/wp\/v2\/pages\/722\/revisions"}],"predecessor-version":[{"id":2893,"href":"https:\/\/kurdishacademy.org\/index.php?rest_route=\/wp\/v2\/pages\/722\/revisions\/2893"}],"wp:featuredmedia":[{"embeddable":true,"href":"https:\/\/kurdishacademy.org\/index.php?rest_route=\/"}],"wp:attachment":[{"href":"https:\/\/kurdishacademy.org\/index.php?rest_route=%2Fwp%2Fv2%2Fmedia&parent=722"}],"wp:term":[{"taxonomy":"category","embeddable":true,"href":"https:\/\/kurdishacademy.org\/index.php?rest_route=%2Fwp%2Fv2%2Fcategories&post=722"},{"taxonomy":"post_tag","embeddable":true,"href":"https:\/\/kurdishacademy.org\/index.php?rest_route=%2Fwp%2Fv2%2Ftags&post=722"}],"curies":[{"name":"wp","href":"https:\/\/api.w.org\/{rel}","templated":true}]}}