{"id":715,"date":"2009-04-22T09:39:33","date_gmt":"2009-04-22T09:39:33","guid":{"rendered":"http:\/\/localhost\/wp\/wordpress\/pertuke-kurdi-alfabe\/"},"modified":"2009-04-22T09:39:33","modified_gmt":"2009-04-22T09:39:33","slug":"pertuke-kurdi-alfabe","status":"publish","type":"page","link":"https:\/\/kurdishacademy.org\/?page_id=715","title":{"rendered":"Pert\u00fak\u00e9 Kurd\u00ed: Alfabe"},"content":{"rendered":"<p class=\"rtecenter\"><a href=\"\/?q=node\/162\"><strong><span style=\"font-size: medium;\">M. Em&iacute;n Bozarslan<\/span><\/strong><\/a><\/p>\n<h1 class=\"rtecenter\">\n<span style=\"font-size: xx-large;\"><span style=\"color: rgb(0, 0, 255);\">ALFABE<\/span><\/span><\/h1>\n<p>&nbsp;<\/p>\n<p class=\"rtecenter\"><a href=\"https:\/\/kurdishacademy.org\/courses\/north\/index.html\"><img loading=\"lazy\" decoding=\"async\" class=\" size-full wp-image-712\" hspace=\"5\" height=\"351\" width=\"300\" vspace=\"5\" border=\"1\" align=\"middle\" src=\"http:\/\/localhost\/wp\/wordpress\/wp-content\/uploads\/2009\/04\/cover_alfabe.jpg\" alt=\"\" \/><\/a><\/p>\n<p class=\"rtecenter\">&nbsp;<\/p>\n<p class=\"rtecenter\">++++++++++++++++++++++++++++++++++<\/p>\n<p class=\"rtecenter\">&nbsp;<\/p>\n<p><!--more--><\/p>\n<p class=\"rtecenter\"><a href=\"\/?q=node\/162\"><strong><span style=\"font-size: medium;\">M. Em&iacute;n Bozarslan<\/span><\/strong><\/a><\/p>\n<h1 class=\"rtecenter\">\n<span style=\"font-size: xx-large;\"><span style=\"color: rgb(0, 0, 255);\">ALFABE<\/span><\/span><\/h1>\n<p>&nbsp;<\/p>\n<p class=\"rtecenter\"><a href=\"https:\/\/kurdishacademy.org\/courses\/north\/index.html\"><img loading=\"lazy\" decoding=\"async\" class=\" size-full wp-image-712\" hspace=\"5\" height=\"351\" width=\"300\" vspace=\"5\" border=\"1\" align=\"middle\" src=\"http:\/\/localhost\/wp\/wordpress\/wp-content\/uploads\/2009\/04\/cover_alfabe.jpg\" alt=\"\" \/><\/a><\/p>\n<p class=\"rtecenter\">&nbsp;<\/p>\n<p class=\"rtecenter\">++++++++++++++++++++++++++++++++++<\/p>\n<p class=\"rtecenter\">&nbsp;<\/p>\n<h1 class=\"rtecenter\"><a href=\"https:\/\/kurdishacademy.org\/courses\/north\/index.html\" target=\"_parent\"><strong>H&uacute;n dikarin pert&uacute;k&eacute; li vir bixunin <strong><strong>\u25ba\u25ba\u25ba\u25ba\u25ba<\/strong><\/strong><\/strong><\/a><\/h1>\n<p>&nbsp;<\/p>\n","protected":false},"excerpt":{"rendered":"<p>M. Em&iacute;n Bozarslan ALFABE &nbsp; &nbsp; ++++++++++++++++++++++++++++++++++ &nbsp;<\/p>\n","protected":false},"author":1,"featured_media":712,"parent":0,"menu_order":0,"comment_status":"closed","ping_status":"closed","template":"","meta":{"footnotes":""},"categories":[],"tags":[],"class_list":["post-715","page","type-page","status-publish","has-post-thumbnail","hentry"],"_links":{"self":[{"href":"https:\/\/kurdishacademy.org\/index.php?rest_route=\/wp\/v2\/pages\/715","targetHints":{"allow":["GET"]}}],"collection":[{"href":"https:\/\/kurdishacademy.org\/index.php?rest_route=\/wp\/v2\/pages"}],"about":[{"href":"https:\/\/kurdishacademy.org\/index.php?rest_route=\/wp\/v2\/types\/page"}],"author":[{"embeddable":true,"href":"https:\/\/kurdishacademy.org\/index.php?rest_route=\/wp\/v2\/users\/1"}],"replies":[{"embeddable":true,"href":"https:\/\/kurdishacademy.org\/index.php?rest_route=%2Fwp%2Fv2%2Fcomments&post=715"}],"version-history":[{"count":0,"href":"https:\/\/kurdishacademy.org\/index.php?rest_route=\/wp\/v2\/pages\/715\/revisions"}],"wp:featuredmedia":[{"embeddable":true,"href":"https:\/\/kurdishacademy.org\/index.php?rest_route=\/"}],"wp:attachment":[{"href":"https:\/\/kurdishacademy.org\/index.php?rest_route=%2Fwp%2Fv2%2Fmedia&parent=715"}],"wp:term":[{"taxonomy":"category","embeddable":true,"href":"https:\/\/kurdishacademy.org\/index.php?rest_route=%2Fwp%2Fv2%2Fcategories&post=715"},{"taxonomy":"post_tag","embeddable":true,"href":"https:\/\/kurdishacademy.org\/index.php?rest_route=%2Fwp%2Fv2%2Ftags&post=715"}],"curies":[{"name":"wp","href":"https:\/\/api.w.org\/{rel}","templated":true}]}}