{"id":695,"date":"2009-04-05T10:55:15","date_gmt":"2009-04-05T10:55:15","guid":{"rendered":"http:\/\/localhost\/wp\/wordpress\/xale-melay-dawudi-u-xwendini-kurdi\/"},"modified":"2009-04-05T10:55:15","modified_gmt":"2009-04-05T10:55:15","slug":"xale-melay-dawudi-u-xwendini-kurdi","status":"publish","type":"page","link":"https:\/\/kurdishacademy.org\/?page_id=695","title":{"rendered":"Xale Melay Dawud\u00ed u xw\u00e9ndin\u00ed Kurd\u00ed"},"content":{"rendered":"<p><img loading=\"lazy\" decoding=\"async\" class=\" alignright size-full wp-image-693\" hspace=\"5\" height=\"143\" width=\"120\" vspace=\"5\" border=\"1\" align=\"right\" src=\"http:\/\/localhost\/wp\/wordpress\/wp-content\/uploads\/2009\/04\/xaley_mela_dawud_120.jpg\" alt=\"\" \/>Rojhnamey Kurdistan le jhimarey 1-&iacute; xoyda [P&eacute;njshemo 20\/10\/1324 =11-&iacute; Jhanwiyey 1946] d&uacute; hewal&iacute; gir&iacute;ng&iacute; sebaret be xw&eacute;ndin u serinjdan be bar&iacute; perwerdey mindalan&iacute; b&eacute; day u bab bilaw kirduwetewe:<\/p>\n<p>&quot;Kobunewey Heyet&iacute; Ferheng&iacute; Kurdistan jhimare 32 Rojh&iacute; cuwarshemmuiye 12\/10\/1324 jelsey Heyet&iacute; Ferheng&iacute; Kurdistan sat&iacute; d&uacute; pash n&iacute;werru g&iacute;ra le babet mekteb u danan&iacute; du nefer pishkin&eacute;r bo mektebekan giftugoy lazim kira axayan&iacute; &#8216;El&iacute; Xusrew&iacute; u Rerh&iacute;m Leshkir&iacute; bo pishkin&eacute;r&iacute; helbjh&eacute;rdiran u hukmyan sadir kira.<\/p>\n<p><!--more--><\/p>\n<p><img loading=\"lazy\" decoding=\"async\" class=\" alignright size-full wp-image-693\" hspace=\"5\" height=\"143\" width=\"120\" vspace=\"5\" border=\"1\" align=\"right\" src=\"http:\/\/localhost\/wp\/wordpress\/wp-content\/uploads\/2009\/04\/xaley_mela_dawud_120.jpg\" alt=\"\" \/>Rojhnamey Kurdistan le jhimarey 1-&iacute; xoyda [P&eacute;njshemo 20\/10\/1324 =11-&iacute; Jhanwiyey 1946] d&uacute; hewal&iacute; gir&iacute;ng&iacute; sebaret be xw&eacute;ndin u serinjdan be bar&iacute; perwerdey mindalan&iacute; b&eacute; day u bab bilaw kirduwetewe:<\/p>\n<p>&quot;Kobunewey Heyet&iacute; Ferheng&iacute; Kurdistan jhimare 32 Rojh&iacute; cuwarshemmuiye 12\/10\/1324 jelsey Heyet&iacute; Ferheng&iacute; Kurdistan sat&iacute; d&uacute; pash n&iacute;werru g&iacute;ra le babet mekteb u danan&iacute; du nefer pishkin&eacute;r bo mektebekan giftugoy lazim kira axayan&iacute; &#8216;El&iacute; Xusrew&iacute; u Rerh&iacute;m Leshkir&iacute; bo pishkin&eacute;r&iacute; helbjh&eacute;rdiran u hukmyan sadir kira.<\/p>\n<p><!--break--><\/p>\n<p>We qerar dira ew mindalaney ke b&eacute; kesin u be suwal meshxulin ko bikr&iacute;newe le naw m&iacute;llet da besh bikir&eacute;n we rojhane le mekteb&iacute; Gelaw&eacute;jh bixw&eacute;nin u bo xirkirdinewey em hejhare b&eacute;kesane be sharewan&iacute; emir dira ke xiryan katewe u biyan date dest axayan&iacute; Furuher u Menaf&iacute; Ker&iacute;m&iacute; u ewan&iacute;sh be n&eacute;w m&iacute;llet da beshyan ken.&nbsp;<\/p>\n<ol>\n<li>Be akser&iacute;yet&iacute; ara pesind kira axayan&iacute; Furuher u Ker&iacute;m&iacute; xelk&iacute; b&eacute;sewad hazir ken ke shewane le mekteb&eacute;da be ziman&iacute; Kurd&iacute; bixw&eacute;nin.&nbsp;<\/li>\n<li>Pesind kira hem&uacute; n&iacute;shaney (tablo) &iacute;daran u mekteb u tejartxanan u &#8216;&iacute;maretan bigorin u be Kurd&iacute; bin&uacute;sr&eacute;.&nbsp;<\/li>\n<li>Pesind kira ke ew mindalaney ko dekr&iacute;newe temenyan le shesh ta carde salan ziyatir neb&eacute;.&nbsp;<\/li>\n<li>Le axir&iacute; jelese da pesind kira ke jelesey d&iacute;ke jor&iacute; l&iacute;bas&iacute; shagird mektebekan m&#8217;lum kir&eacute; &quot;<\/li>\n<\/ol>\n<blockquote>\n<p>&quot;Agadar&iacute; be tewaw&iacute; ehal&iacute; xoshew&iacute;st&iacute; (sabilax) radegeyndir&eacute;t &#8211; le ser emr&iacute; P&eacute;sheway mu&#8217;ezem u qerar&iacute; (H&iacute;zb&iacute; D&eacute;mokrat&iacute;) Kurdistan lewey bewlawe p&eacute;w&iacute;ste bo perep&eacute;dan u rewaj&iacute; ziman&iacute; Kurd&iacute;, xw&eacute;ndin le medresekanda be Kurdiye lew(tar&iacute;xewe) ta de 10 &#8211; rojh&iacute; d&iacute;ke her kes&eacute;k kur u kic&iacute; heb&eacute; ke &#8216;umr&iacute; &iacute;qt&iacute;zay xw&eacute;ndin bika deb&iacute; b&iacute;n&eacute;r&eacute;te medrese elbete her kes lew emrey r&uacute; werg&eacute;r&eacute; be tundtr&iacute;n mujazat tenb&eacute; dekr&eacute;.&nbsp;<\/p>\n<p>Kom&iacute;tey Merkez&iacute; (H&iacute;zb&iacute; D&eacute;mokrat&iacute; Kurdistan &#8211; mu&#8217;aw&iacute;n&iacute; H&iacute;zib Tezade<\/p>\n<p>&zwnj;[Seyid Miemed&iacute; Tehazade [Ey&uacute;byan])&quot;<\/p>\n<\/blockquote>\n<p>Ber le rageyandin&iacute; komar u be taybet&iacute; le sal&iacute; 1324 [1945] calak&iacute; u b&uacute;jhanewey ferheng&iacute; u hewldan bo xw&eacute;ndin u perwerdey Murd&iacute; gesheyek&iacute; bercaw&iacute; be xoyewe d&iacute;we u her lew maweye da &quot;Dayk&iacute; N&iacute;shtiman&quot; le Mihabad u cend shar&iacute; d&iacute;ke p&eacute;shk&eacute;sh kirawe. Xale Mela yek le endaman&iacute; damezr&eacute;ner&iacute; Komeley Jhiyan&iacute; kurd,ci le serdem&iacute; p&eacute;sh damezran&iacute; Komar u ci le kat&iacute; huk&uacute;met&iacute; Kurdistan da dewr&iacute; serek&iacute; g&eacute;rawe le perep&eacute;dan&iacute; perwerde u xw&eacute;ndin be ziman&iacute; Kurd&iacute; u le jhimare berayiyekan&iacute; Kurdistan da bas&iacute; calakiyekan&iacute; &quot;Dersxaney Gelaw&eacute;jh&quot;&iacute; bilaw kirduwetewe.<\/p>\n<p>&zwnj;Le mawey yek salley Komar u le qonax&iacute; jiyawaz da piley berpirsiyaret&iacute; zor jar al u gor&iacute; be ser hatuwe u le mer wezaret [&iacute;dare]&iacute; Ferheng&iacute;sh her wabuwe. &#8216;El&iacute; xusrew&iacute;, Resh&iacute;d&iacute; &#8216;Ez&iacute;z&iacute;, S&iacute;dq&iacute;, Dilshad&iacute; Res&uacute;l&iacute;, Menaf&iacute; Ker&iacute;m&iacute; u &Iacute;birah&iacute;m&iacute; Nadir&iacute; ew nawanen ke le Kurdistanda wek&uacute; &quot;pishkn&eacute;r&quot; &quot;serok &quot;, &quot;mu&#8217;aw&iacute;n &quot;, &quot; wez&iacute;r&quot; u &quot; reyis &quot; &iacute; &iacute;darey ferheng basyan l&eacute;we kirawe. Emesh agadariyek&iacute; kurt&iacute; Melay Dawud&iacute; le rojhnamey Kurdistan da:<\/p>\n<blockquote>\n<p>&quot;Qurban&iacute;: emin cend sall lewey p&eacute;sh &#8216;ehdim kird le kat&eacute;kda kurd serbexo bin, xom u d&uacute; kurrim xoman bikeyn be qurban&iacute;. &Eacute;stash awatim be j&eacute; hatuwe. Amadeyn degell 50 nefer shagird&iacute; dawteleb be &iacute;zn&iacute; bawk u daykiyan rojh&iacute; 26\/11\/1324 le p&eacute;sh &#8216;&iacute;maret&iacute; Duktur W&eacute;natan wefa be &#8216;ehd bikeyn.&nbsp;<\/p>\n<p>Melay Dawud&iacute;<\/p>\n<\/blockquote>\n<p><img loading=\"lazy\" decoding=\"async\" class=\" alignright size-full wp-image-694\" hspace=\"5\" height=\"621\" width=\"300\" vspace=\"5\" border=\"1\" align=\"right\" src=\"http:\/\/localhost\/wp\/wordpress\/wp-content\/uploads\/2009\/04\/xaley_mela_dawud.jpg\" alt=\"\" \/>Kurdistan: birayan&iacute; xw&eacute;n germ u p&eacute;shmerge, husn&iacute; nezer&iacute; mubarek&iacute; P&eacute;shewa reyis Jimh&uacute;r&iacute; berz&iacute; Kurdistan le ser eweye ke engo shagirdekantan be j&uacute;r&iacute; ke p&eacute;w&iacute;ste terbiyet u amade biken ke be p&eacute;y emr&iacute; P&eacute;sheway xotan le rojh&iacute; p&eacute;daw&iacute;st da qessab&iacute; le dujhmin&iacute; Kurdistan biken u le meydan&iacute; karzar da bibin be qurban&iacute;. &quot; [Kurdistan, jhimarey 11, cuwarshemo 17-&iacute; R&eacute;bendan&iacute; 1324\/ 6&iacute; F&eacute;wriyey 1946]<\/p>\n<p>T&eacute;b&iacute;n&iacute;: em w&eacute;neye le r&uacute;w&iacute; w&eacute;neyek&iacute; bekomel (p&eacute;shtir l&eacute;reda bilaw kirawetewe) sazdrawetewe ke be sipasewe le laperey &quot;Kewnen&iacute;shtiman&quot; &iacute; gowar&iacute; Mihabad, jhimare 81 werg&iacute;rawe. Ew lapereye le layen Fereyd&uacute;n&iacute; Hek&iacute;mzadewe amade dekir&eacute;.<\/p>\n<p class=\"rtecenter\">++++++++++++++++++++++++<\/p>\n<p><strong><em>Sercawe:<\/em><\/strong><em> Em babete le mallperr&iacute; <\/em><a href=\"http:\/\/wkomarik.blogspot.com\/2008\/11\/xale-melay-dawud-u-xwndin-kurd.html\"><em>w&eacute;nekan&iacute; komar&iacute; Kurdistan<\/em><\/a><em> werg&iacute;rawe &uacute; h&eacute;nawete ser r&eacute;n&uacute;s&iacute; Yekgirt&uacute;. [KAL]<\/em><\/p>\n<div>&nbsp;<\/div>\n<p>&nbsp;<\/p>\n","protected":false},"excerpt":{"rendered":"<p>Rojhnamey Kurdistan le jhimarey 1-&iacute; xoyda [P&eacute;njshemo 20\/10\/1324 =11-&iacute; Jhanwiyey 1946] d&uacute; hewal&iacute; gir&iacute;ng&iacute; sebaret be xw&eacute;ndin u serinjdan be bar&iacute; perwerdey mindalan&iacute; b&eacute; day u<span class=\"excerpt-hellip\"> [\u2026]<\/span><\/p>\n","protected":false},"author":1,"featured_media":693,"parent":0,"menu_order":0,"comment_status":"closed","ping_status":"closed","template":"","meta":{"footnotes":""},"categories":[],"tags":[],"class_list":["post-695","page","type-page","status-publish","has-post-thumbnail","hentry"],"_links":{"self":[{"href":"https:\/\/kurdishacademy.org\/index.php?rest_route=\/wp\/v2\/pages\/695","targetHints":{"allow":["GET"]}}],"collection":[{"href":"https:\/\/kurdishacademy.org\/index.php?rest_route=\/wp\/v2\/pages"}],"about":[{"href":"https:\/\/kurdishacademy.org\/index.php?rest_route=\/wp\/v2\/types\/page"}],"author":[{"embeddable":true,"href":"https:\/\/kurdishacademy.org\/index.php?rest_route=\/wp\/v2\/users\/1"}],"replies":[{"embeddable":true,"href":"https:\/\/kurdishacademy.org\/index.php?rest_route=%2Fwp%2Fv2%2Fcomments&post=695"}],"version-history":[{"count":0,"href":"https:\/\/kurdishacademy.org\/index.php?rest_route=\/wp\/v2\/pages\/695\/revisions"}],"wp:featuredmedia":[{"embeddable":true,"href":"https:\/\/kurdishacademy.org\/index.php?rest_route=\/"}],"wp:attachment":[{"href":"https:\/\/kurdishacademy.org\/index.php?rest_route=%2Fwp%2Fv2%2Fmedia&parent=695"}],"wp:term":[{"taxonomy":"category","embeddable":true,"href":"https:\/\/kurdishacademy.org\/index.php?rest_route=%2Fwp%2Fv2%2Fcategories&post=695"},{"taxonomy":"post_tag","embeddable":true,"href":"https:\/\/kurdishacademy.org\/index.php?rest_route=%2Fwp%2Fv2%2Ftags&post=695"}],"curies":[{"name":"wp","href":"https:\/\/api.w.org\/{rel}","templated":true}]}}