{"id":459,"date":"2008-08-23T08:02:42","date_gmt":"2008-08-23T08:02:42","guid":{"rendered":"http:\/\/localhost\/wp\/wordpress\/book-publishing-in-kurdish-language-in-turkey\/"},"modified":"2018-10-26T08:14:25","modified_gmt":"2018-10-26T08:14:25","slug":"book-publishing-in-kurdish-language-in-turkey","status":"publish","type":"page","link":"https:\/\/kurdishacademy.org\/?page_id=459","title":{"rendered":"Book Publishing in Kurdish language in Turkey"},"content":{"rendered":"<p>At present, the Kurds are considered to be \u201cthe biggest nation in the world, deprived of its own state, of self-government and basic human rights\u201d (1). It is difficult to estimate the exact number of the Kurdish population in Turkey. The main reason is that people in Turkey were not allowed to call themselves Kurds until recently. Research shows that the official statistics about the Kurdish population do not reflect the truth. Different sources give varying data about the Kurdish population.<\/p>\n<p><!--more--><\/p>\n<p>At present, the Kurds are considered to be \u201cthe biggest nation in the world, deprived of its own state, of self-government and basic human rights\u201d (1). It is difficult to estimate the exact number of the Kurdish population in Turkey. The main reason is that people in Turkey were not allowed to call themselves Kurds until recently. Research shows that the official statistics about the Kurdish population do not reflect the truth. Different sources give varying data about the Kurdish population.<\/p>\n<p>Kurdish books dating from the Ottoman era are mainly manuscripts in verse. Although there were some written in the Yezidi, Armenian or the Assyrian alphabet, most of them were written in the Arabic alphabet. The press and printed works play an important role in the spreading of ideas and the standardization of a language. However, until the First World War the Kurds in Kurdistan did not have a printing house. The existing printing houses were owned by the state or by Western missionaries. That is why the first books in Kurdish were printed outside Kurdistan in cities like Cairo and Istanbul.<\/p>\n<p>The national movement of the Kurds who were still living in a feudal structure started later than the movements of other people living within the Ottoman Empire. The development of Kurdish publishing in general mirrors the progress of their national revival.<\/p>\n<p>There was a Kurdistan Newspaper printing house in 1898 in Cairo (43) as well as the printing house \u201cMetbe\u2019a Kurdistan \u2019Ilmiye\u201d (Scientific printing house of Kurdistan) owned by a Kurd called Ferecullah Zek\u00ee El-Kurd\u00ee in 1911 but we do not know if Kurdish books were printed there (44). Abdurrahman Bedirhan and Abdullah Cevdet, the Kurds who had been opposing the Ottoman sultan, tried to buy a printing house during their stay in Switzerland, but the ambassador of the Ottoman Empire was annoyed and expressed his concern to the state officials there (45).<\/p>\n<p>Liceli Kurd\u00eezade Ehmed Ram\u00eez ve Motkili Xel\u00eel Xeyal\u00ee started a Kurdish printing house in Istanbul in 1908 with their friends (46). It is also known that in Istanbul in 1910, there was the Matbaa-i Amedi printing house owned by a man from Diyarbekir, where books related to Kurds were printed (47).<\/p>\n<p>Ekrem Cemilpa\u015fa was the first of the nationalists from Northern Kurdistan to buy a printing house in Diyarbekir and publish the Gazi newspaper in 1918 (48).<\/p>\n<p>The first Kurdish book in Istanbul was printed in 1844. This book by the famous mystic Mewlana Xalid\u00ea Neq\u015f\u00eebend\u00ee was not completely in Kurdish. It comprised of poetry in Arabic and Persian with a few poems in Kurdish.<\/p>\n<h2 class=\"rtecenter\">++++++++++++++++++++++++++++<br \/>\nTHE PAST AND THE PRESENT<br \/>\nOF BOOK PUBLISHING IN<br \/>\nKURDISH LANGUAGE IN TURKEY<\/h2>\n<p class=\"rtecenter\"><strong>This research had been commissioned by the<br \/>\n<\/strong><a href=\"http:\/\/localhost\/wp\/wordpress\/wp-content\/uploads\/2008\/08\/Turkey.pdf\"><strong>Next Page Foundation<\/strong><\/a><strong><br \/>\nand conducted by M. Malmisanij, 2006<\/strong><\/p>\n<p>KAL&#8217;s note: this research work is in PDF format as e-Report. The full report is attached below. To be able to read a PDF file you will need a PDF reader which you can download and install on your computer from <a href=\"http:\/\/www.adobe.com\">adobe.com<\/a>. If you have any comment on this report you will need to become a registered member of KAL to post your comment directly.<\/p>\n","protected":false},"excerpt":{"rendered":"<p>At present, the Kurds are considered to be \u201cthe biggest nation in the world, deprived of its own state, of self-government and basic human rights\u201d (1).<span class=\"excerpt-hellip\"> [\u2026]<\/span><\/p>\n","protected":false},"author":1,"featured_media":0,"parent":0,"menu_order":0,"comment_status":"closed","ping_status":"closed","template":"","meta":{"footnotes":""},"categories":[],"tags":[],"class_list":["post-459","page","type-page","status-publish","hentry"],"_links":{"self":[{"href":"https:\/\/kurdishacademy.org\/index.php?rest_route=\/wp\/v2\/pages\/459","targetHints":{"allow":["GET"]}}],"collection":[{"href":"https:\/\/kurdishacademy.org\/index.php?rest_route=\/wp\/v2\/pages"}],"about":[{"href":"https:\/\/kurdishacademy.org\/index.php?rest_route=\/wp\/v2\/types\/page"}],"author":[{"embeddable":true,"href":"https:\/\/kurdishacademy.org\/index.php?rest_route=\/wp\/v2\/users\/1"}],"replies":[{"embeddable":true,"href":"https:\/\/kurdishacademy.org\/index.php?rest_route=%2Fwp%2Fv2%2Fcomments&post=459"}],"version-history":[{"count":1,"href":"https:\/\/kurdishacademy.org\/index.php?rest_route=\/wp\/v2\/pages\/459\/revisions"}],"predecessor-version":[{"id":2697,"href":"https:\/\/kurdishacademy.org\/index.php?rest_route=\/wp\/v2\/pages\/459\/revisions\/2697"}],"wp:attachment":[{"href":"https:\/\/kurdishacademy.org\/index.php?rest_route=%2Fwp%2Fv2%2Fmedia&parent=459"}],"wp:term":[{"taxonomy":"category","embeddable":true,"href":"https:\/\/kurdishacademy.org\/index.php?rest_route=%2Fwp%2Fv2%2Fcategories&post=459"},{"taxonomy":"post_tag","embeddable":true,"href":"https:\/\/kurdishacademy.org\/index.php?rest_route=%2Fwp%2Fv2%2Ftags&post=459"}],"curies":[{"name":"wp","href":"https:\/\/api.w.org\/{rel}","templated":true}]}}