{"id":441,"date":"2008-08-17T15:58:29","date_gmt":"2008-08-17T15:58:29","guid":{"rendered":"http:\/\/localhost\/wp\/wordpress\/xelk-de-biryara-standard-krina-zimane-kurdi-det\/"},"modified":"2008-08-17T15:58:29","modified_gmt":"2008-08-17T15:58:29","slug":"xelk-de-biryara-standard-krina-zimane-kurdi-det","status":"publish","type":"page","link":"https:\/\/kurdishacademy.org\/?page_id=441","title":{"rendered":"Xelk d\u00e9 biryara standard krina ziman\u00e9 Kurd\u00ed det"},"content":{"rendered":"<p><img loading=\"lazy\" decoding=\"async\" class=\" alignright size-full wp-image-438\" width=\"120\" vspace=\"5\" hspace=\"5\" height=\"163\" border=\"0\" align=\"right\" src=\"http:\/\/localhost\/wp\/wordpress\/wp-content\/uploads\/2008\/08\/reshid_findi.jpg\" alt=\"Rash&iacute;fd Find&iacute;\" \/>J&iacute;gir&eacute; serok&eacute; Akademiya Kurd&iacute; Resh&iacute;d Find&iacute; diyar kir ger jarek&eacute; biryar hate day&iacute;n ku diyal&eacute;kta Soran&iacute; b&eacute; sepandin wek&uacute; ziman&eacute; standart d&eacute; bi dijh&iacute; v&eacute; biryar&eacute; rawestim &uacute; li hem&uacute; rojhname &uacute; kovaran jh&iacute; raya xwe bi ashkere bidim. Endam&eacute; akademiy&eacute; Mueyed Tey&iacute;b jh&iacute; wiha diyar kir ku ew jh&iacute; d&eacute; bi dijh&iacute; v&eacute; biryar&eacute; raweste, gotina daw&iacute;n d&eacute; ya xelk&eacute; me be ne akadem&iacute; &uacute; ne ci dam &uacute; dezgeh&eacute;n din nesh&eacute;n tishtek&iacute; bisep&iacute;nin. Endam&eacute; din y&eacute; akademiy&eacute; D. Ebdulfetah Butan&iacute; diyar kir ev biryare gelek bi zehmet b&eacute; day&iacute;n cimk&iacute; div&eacute; hem&uacute; endam&eacute;n akademiy&eacute; raz&iacute; bin li ser derxistina v&eacute; biryar&eacute;, ne hindek endam raz&iacute; bin.<\/p>\n<p><!--more--><\/p>\n<p><img loading=\"lazy\" decoding=\"async\" class=\" alignright size-full wp-image-438\" width=\"120\" vspace=\"5\" hspace=\"5\" height=\"163\" border=\"0\" align=\"right\" src=\"http:\/\/localhost\/wp\/wordpress\/wp-content\/uploads\/2008\/08\/reshid_findi.jpg\" alt=\"Rash&iacute;fd Find&iacute;\" \/>J&iacute;gir&eacute; serok&eacute; Akademiya Kurd&iacute; Resh&iacute;d Find&iacute; diyar kir ger jarek&eacute; biryar hate day&iacute;n ku diyal&eacute;kta Soran&iacute; b&eacute; sepandin wek&uacute; ziman&eacute; standart d&eacute; bi dijh&iacute; v&eacute; biryar&eacute; rawestim &uacute; li hem&uacute; rojhname &uacute; kovaran jh&iacute; raya xwe bi ashkere bidim. Endam&eacute; akademiy&eacute; Mueyed Tey&iacute;b jh&iacute; wiha diyar kir ku ew jh&iacute; d&eacute; bi dijh&iacute; v&eacute; biryar&eacute; raweste, gotina daw&iacute;n d&eacute; ya xelk&eacute; me be ne akadem&iacute; &uacute; ne ci dam &uacute; dezgeh&eacute;n din nesh&eacute;n tishtek&iacute; bisep&iacute;nin. Endam&eacute; din y&eacute; akademiy&eacute; D. Ebdulfetah Butan&iacute; diyar kir ev biryare gelek bi zehmet b&eacute; day&iacute;n cimk&iacute; div&eacute; hem&uacute; endam&eacute;n akademiy&eacute; raz&iacute; bin li ser derxistina v&eacute; biryar&eacute;, ne hindek endam raz&iacute; bin.<\/p>\n<p><!--break--><\/p>\n<p>Resh&iacute;d Find&iacute; di berdewamiya axavtina xwe de got:&quot;Li akademiy&eacute; 5 jiv&iacute;n li ser ziman&eacute; standard hatine kirin &uacute; her endamek&iacute; rapora xwe p&eacute;k&eacute;sh kiriye &uacute; me guh&eacute; xwe daye &uacute; gengeshe li ser hatiye kirin. Du boc&uacute;n di nav akademiy&eacute; de hene, hindek jhi wan qala ziman&eacute; standart dikir ku nuha y&eacute; hey&iacute; &uacute; zarav&eacute; xuwar&eacute; ku Soran&iacute; ye, standart e. Hindek birader&eacute;n din y&eacute;n akademiy&eacute; dib&eacute;jhin me du sh&eacute;wezar &uacute; diyal&eacute;kt&eacute;n standart hene,zarav&eacute; kurmanjiya jhor li devera Behd&iacute;na standart e &uacute; kurmanjiya xuwar&eacute; li Hewl&eacute;r &uacute; Sil&eacute;maniy&eacute; b&uacute;ye standart. Me wek akadem&iacute; r&eacute;z li herd&uacute; boc&uacute;nan girtiye &uacute; h&eacute;jh ci biryar li ser nedaye. Ez p&eacute;shb&iacute;n&iacute; dikin wiha bi h&eacute;san&iacute; ci biryar nay&eacute; day&iacute;n. Bi ya min her li dawiy&eacute; d&eacute; wiha c&eacute;be be ku me jut- standart&iacute; heye nabe ci diyal&eacute;kt li ser y&eacute; din b&eacute; sepandin, her du diyal&eacute;kt jh&iacute; z&iacute;nd&iacute; ne &uacute; her yek li deverek&eacute; kar dike. &quot;<br \/> <img loading=\"lazy\" decoding=\"async\" class=\" alignright size-full wp-image-439\" width=\"120\" vspace=\"5\" hspace=\"5\" height=\"158\" border=\"0\" align=\"right\" src=\"http:\/\/localhost\/wp\/wordpress\/wp-content\/uploads\/2008\/08\/mueyid_teyib.jpg\" alt=\"Mueyed Tey&iacute;b\" \/><br \/> Li aliyek&iacute; din Mueyed Tay&iacute;b got: &quot;Dawiya v&eacute; gengesha li ser ziman&eacute; t&eacute; kirin d&eacute; tishtek&eacute; poz&iacute;t&iacute;v &uacute; er&eacute;n&iacute; be, tisht&eacute; jiwan di v&eacute; k&eacute;sh&eacute; da ew e h&eacute;jh neb&uacute;ye axavtin hijhmara wan di nav Sorana pitir b&uacute;ye jhi nav kurmanjan bi taybet jhi destberz helwest&eacute; kurd&eacute;n Mihabad&eacute;,gelek kes hene di nav Soranan de dijh&iacute; v&eacute; cend&eacute; rawestiyane nexasim ew&eacute;n d&uacute;r hizir dikin, ew&eacute;n zimanvan &uacute; bi rast&iacute; &uacute; dilsoz&iacute; gengesh&eacute; dikin. &quot;<\/p>\n<p> Tey&iacute;b dib&eacute;jhe:&quot; Akademiya Kurd&iacute; ew desthilat n&iacute;ne &uacute; kes&eacute; jh&iacute; ew desthilat n&iacute;ne v&eacute; biryar&eacute; bide belk&uacute; biryar ya welatiyan e, em div&eacute; bash bizanin ku di s&iacute;stemek&eacute; demokrat&iacute;k de d&eacute; xelk biryar&eacute; bide. &quot;<\/p>\n<p> <img loading=\"lazy\" decoding=\"async\" class=\" alignleft size-full wp-image-440\" width=\"120\" vspace=\"5\" hspace=\"5\" height=\"154\" border=\"0\" align=\"left\" src=\"http:\/\/localhost\/wp\/wordpress\/wp-content\/uploads\/2008\/08\/ebdulfetah_butani.jpg\" alt=\"Dr. E. Butan&iacute;\" \/>Dr. Ebdulfetah Butan&iacute; digel heb&uacute;na kurmanjiya jh&eacute;r&eacute; &uacute; kurmanjiya jhor&iacute; ye, ew digel d&eacute; w&eacute; cend&eacute; ye nabe ci diyal&eacute;kt b&eacute; sepandin ne Soran&iacute; &uacute; ne Behd&iacute;n&iacute; &uacute; ci diyal&eacute;kt jhi ya din bashtir n&iacute;nin. L&eacute; got:&quot;P&eacute;div&iacute; ye aliy&eacute;n siyas&iacute; may&eacute; xwe t&eacute; de nekin me biv&eacute;t &uacute; nev&eacute;t m&iacute;llet&eacute; me xudan&eacute; du diyal&eacute;kte , div&eacute; azadiy&eacute; bidine xelk&iacute;,y&eacute; div&eacute;t bi v&iacute; diyal&eacute;kt&iacute; bixw&iacute;ne &uacute; y&eacute; div&eacute;t bi ya din bixw&iacute;ne. Ev rewsh&eacute; em t&eacute; de ne y&eacute; gunjay&eacute; ar&iacute;sha ziman&eacute; jutstandart biazir&iacute;n&iacute;n, cimk&iacute; serok Barzan&iacute; jh&iacute; gotiye ev mesele bo me jhi mesela Kerk&uacute;k&eacute; jhi aloztir e. &quot;<\/p>\n<p> Derbar&eacute; v&eacute; gengesh&eacute; d&iacute;sa Tey&iacute;b got:&quot; Gelek kes&eacute;n ke kurmanj&iacute; jh&iacute; berevan&iacute; li kurmanjiy&eacute; kiriye cimk&iacute; eve ne bervan&iacute; ye belk&uacute; ev sh&eacute;waz&eacute; hen&eacute; bi taybet beyana 52 kesan , pashgoya beyana wan bi tin&eacute; dijh&iacute; kurmanj&iacute;ax&iacute;van bilind dike. Mesele ne standartkirina ziman&eacute; kurd&iacute; ye mesele qedexekirina ziman&eacute; kurd&iacute; ye. Zimanek 500 sala p&eacute; hatiye niv&iacute;s&iacute;n &uacute; jhi %70&eacute; kurdan p&eacute; diaxivin &uacute; bi kar t&iacute;nin, m&iacute;na kurd&eacute;n parsha Suriye,Tirkiye &uacute; kurd&eacute;n komara sovyeta ber&eacute; bi ten&eacute; kurmanj li wir in. Er&eacute; eve d&eacute; biryareke rast be Behd&iacute;n&iacute; b&eacute; ladan,b&eacute;guman nex&eacute;r. &quot;<\/p>\n<p> Li ser pirsa &quot;Eger hat &uacute; biryarek hate day&iacute;n diyal&eacute;ktek b&eacute; sepandin &uacute; ya din b&eacute; ladan d&eacute; helwes&eacute; we ci be?&quot;<\/p>\n<p> Resh&iacute;d Find&iacute; got:&quot;D&eacute; raya xwe bi ashkere diyar bikin ku ez dijh&iacute; v&eacute; boc&uacute;n&eacute; me. Div&eacute; li rojhname &uacute; kovaran jh&iacute; belav bikin ku em dijh&iacute; v&eacute; boc&uacute;n&eacute; ne l&eacute; em xwe jh&iacute; akademiy&eacute; navek&eacute;shin cimk&iacute; Akademiya Kurd&iacute; ye &uacute; bo hem&uacute; kurdan e. &quot;<\/p>\n<p> D. Ebdulfetah Butan&iacute;:&quot;Eger her diyalekt&eacute;k b&eacute; sepandin ez jh&iacute; dijh&iacute; w&eacute; boc&uacute;n&eacute; me,ez heznakim h&iacute;c diyal&eacute;ktek b&eacute; sepandin. Ev k&eacute;she bi rapirs&iacute; &uacute; dengdana&eacute; care nabe her biryarek jhi akademiy&eacute; derkeve div&eacute; bi t&eacute;kray&iacute; be nabe bi pitiriya dengan be. &quot;<\/p>\n<p> Mueyed Tey&iacute;b:&quot; Ez d&eacute; bi dijh&iacute; v&eacute; biryar&eacute; derkevim eger b&uacute; dengdan d&eacute; helwest&eacute; xwe bi ashkerey&iacute; dijh&iacute; biryar&eacute; biniv&iacute;s&iacute;m, d&eacute; jhi dervey&iacute; w&eacute;re jh&iacute; deng&eacute; xwe bi r&eacute;ya medyayan bigeh&iacute;nim &uacute; shashiya v&eacute; biryar&eacute; bo xelk&eacute; riswa bikim. Rast e h&eacute;jh ci biryar&eacute;n wiha nehatine day&iacute;n l&eacute; eger hate day&iacute;n jh&iacute; j&iacute;bij&iacute; nabe d&eacute; biryara wan weku biryara 52 kesan be, kes p&uacute;te p&eacute; nade. Serkirdayetiya Kurdistan&eacute; jhi w&eacute; cend&eacute; hek&iacute;mtir &uacute; d&uacute;rtir e ku guh&eacute; xwe bide d&iacute;tineke wiha. Dizane ev tishtek&eacute; shash e &uacute; jhi bo w&eacute; jh&iacute; ne di shiyan de ye b&eacute;y&iacute; biryara serkirdayitia Kurdistan&eacute; ke nesh&eacute; biryareke wiha bisep&iacute;ne. Ma d&eacute; k&iacute; j&iacute;bij&iacute; bike, em ne di zeman&eacute; d&iacute;ktatoriy&eacute; de ne. Biryareke wiha div&eacute; bi rezamendiya w&eacute; xelk&eacute; be,kes maf n&iacute;ne &uacute; kes nesh&eacute; v&eacute; biryar&eacute; b&eacute;y&iacute; dil&eacute; xelk&eacute; bide cimk&iacute; em di jivakeke azad &uacute; demokrat de dijh&iacute;n &uacute; d&iacute;tina daw&iacute;y&eacute; bo xelk&eacute; vedigere. &quot;<\/p>\n<p> Cavkan&iacute;: Rojhnameya Evro-Em&iacute;r Etr&uacute;sh&iacute;<\/p>\n<p> Amadekirin: Besha Kurmanj&iacute; ya PUKmedia-y&eacute;<\/p>\n<p>&nbsp;<\/p>\n","protected":false},"excerpt":{"rendered":"<p>J&iacute;gir&eacute; serok&eacute; Akademiya Kurd&iacute; Resh&iacute;d Find&iacute; diyar kir ger jarek&eacute; biryar hate day&iacute;n ku diyal&eacute;kta Soran&iacute; b&eacute; sepandin wek&uacute; ziman&eacute; standart d&eacute; bi dijh&iacute; v&eacute; biryar&eacute;<span class=\"excerpt-hellip\"> [\u2026]<\/span><\/p>\n","protected":false},"author":1,"featured_media":438,"parent":0,"menu_order":0,"comment_status":"closed","ping_status":"closed","template":"","meta":{"footnotes":""},"categories":[],"tags":[],"class_list":["post-441","page","type-page","status-publish","has-post-thumbnail","hentry"],"_links":{"self":[{"href":"https:\/\/kurdishacademy.org\/index.php?rest_route=\/wp\/v2\/pages\/441","targetHints":{"allow":["GET"]}}],"collection":[{"href":"https:\/\/kurdishacademy.org\/index.php?rest_route=\/wp\/v2\/pages"}],"about":[{"href":"https:\/\/kurdishacademy.org\/index.php?rest_route=\/wp\/v2\/types\/page"}],"author":[{"embeddable":true,"href":"https:\/\/kurdishacademy.org\/index.php?rest_route=\/wp\/v2\/users\/1"}],"replies":[{"embeddable":true,"href":"https:\/\/kurdishacademy.org\/index.php?rest_route=%2Fwp%2Fv2%2Fcomments&post=441"}],"version-history":[{"count":0,"href":"https:\/\/kurdishacademy.org\/index.php?rest_route=\/wp\/v2\/pages\/441\/revisions"}],"wp:featuredmedia":[{"embeddable":true,"href":"https:\/\/kurdishacademy.org\/index.php?rest_route=\/"}],"wp:attachment":[{"href":"https:\/\/kurdishacademy.org\/index.php?rest_route=%2Fwp%2Fv2%2Fmedia&parent=441"}],"wp:term":[{"taxonomy":"category","embeddable":true,"href":"https:\/\/kurdishacademy.org\/index.php?rest_route=%2Fwp%2Fv2%2Fcategories&post=441"},{"taxonomy":"post_tag","embeddable":true,"href":"https:\/\/kurdishacademy.org\/index.php?rest_route=%2Fwp%2Fv2%2Ftags&post=441"}],"curies":[{"name":"wp","href":"https:\/\/api.w.org\/{rel}","templated":true}]}}