{"id":1581,"date":"2018-09-19T10:03:50","date_gmt":"2018-09-19T09:03:50","guid":{"rendered":"http:\/\/kurdishacademy.org\/wp\/?p=1581"},"modified":"2018-09-19T10:03:50","modified_gmt":"2018-09-19T09:03:50","slug":"idi-dereng-bu","status":"publish","type":"page","link":"https:\/\/kurdishacademy.org\/?page_id=1581","title":{"rendered":"\u00cdd\u00ed dereng b\u00fa"},"content":{"rendered":"<div class=\"clear-block\">\n<div id=\"node-169\" class=\"node\">\n<p>Niv\u00edskar: Emer\u00edk\u00e9 Serdar<\/p>\n<div class=\"content clear-block\">\n<p>Maia Tibl\u00eds\u00ed, li Kurd\u00edya Cyrillic jhi Kurd\u00edya yekgir\u00e9 vegorr\u00edy\u00e9<\/p>\n<p>Zar\u00e9 mehela me gelek b\u00fan. Em sib\u00e9 hetan\u00ed \u00e9var\u00e9 jem hev b\u00fan, me tevay\u00ed dil\u00edst. Ro dic\u00fa ava, l\u00e9 l\u00edstika me hela kuta nedib\u00fa. Gele jara jh\u00ed, \u00edlah\u00ed, bahara \u00fa hav\u00edna, wexta ter\u00ed dikete, erd\u00e9 \u00fa me \u00edd\u00ed nikarib\u00fa bil\u00edsta, em ber d\u00edwarek\u00ed r\u00fadinishtin \u00fa zar\u00e9 nava meda mezin mera c\u00edrok digotin, gil\u00edy\u00e9 gura \u00fa deba dikirin.<\/p>\n<p>Te hew dinih\u00e9r\u00ed hevalek\u00ed me radib\u00fa \u00fa digot: &#8220;Niha bav\u00e9 min hat\u00edye, exe herim mal\u00e9&#8221; \u00fa em j\u00edda dih\u00edshtin, berbi mal\u00e9 ciqlas dikir. Wexta yek\u00ed kinjeke teze xwe dikir, dihat nava me \u00fa ber xwera dic\u00fa. &#8220;Bav\u00e9 min an\u00edye&#8221;, &#8211; digot \u00fa jhorda kinj\u00e9 xweye teze diniher\u00ed.<\/p>\n<p>Me geleka bi cevnebar\u00ed li wan dinih\u00e9r\u00ed \u00fa ser\u00e9 xwe dikire ber xwe. Bav\u00e9 me ne wir b\u00fan, c\u00fab\u00fane ber sher. Sher dest\u00e9 me \u00fa bav\u00e9 me jhi hev qetandib\u00fa. Dayk\u00e9 me diha hishk dest\u00e9 me girtib\u00fan.<\/p>\n<p>Bav\u00e9 min jh\u00ed c\u00fab\u00fa ber sher. D\u00edya min bona min her tisht dikir, kinj\u00e9 min, carx\u00e9 min dir\u00fat.<\/p>\n<p>Min dinih\u00e9r\u00ed, wek\u00ed kinj\u00e9 min ne m\u00ednan\u00ed kinj\u00e9 heval\u00e9 min rindin, ew kalosha, sola p\u00e9dikin, l\u00e9 ling\u00e9 min dacarixin. \u00da ez berxwe diketim, xweda dishewtim.<\/p>\n<p>-Tisht nake, kur\u00e9 min, slamet\u00ed z\u00fatirk\u00e9 bav\u00e9 tey\u00e9 b\u00e9 \u00fa kinj\u00e9 teze kur\u00e9 xweke, &#8211; d\u00edya min ber d\u00edl\u00e9 min dadihat.<\/p>\n<p>L\u00e9 ew &#8220;z\u00fatirek&#8221; nedihat. Car sal derbaz b\u00fan, l\u00e9 ew nehat. Sher jh\u00ed kuta b\u00fa ,l\u00e9 dewsa bav\u00e9 min kagezek\u00ed resh hat. Rast\u00edy\u00e9 ez nizanim ew kagez resh b\u00fa yan\u00e9 na, w\u00edda ci nv\u00eds\u00ed b\u00fan, l\u00e9 her ten\u00e9 min d\u00edt, d\u00edya min pash\u00ed w\u00ed kag\u00e9z\u00ed resh gireda \u00fa h\u00e9sir jhi ceva xal\u00ed neb\u00fan.<\/p>\n<p>\u00da ez b\u00e9 bav mez\u00edn b\u00fam. D\u00edya min him min rabav b\u00fa, him jh\u00ed d\u00e9.<\/p>\n<p>B\u00edna ber w\u00e9 her ten\u00e9 ez b\u00fam. Wexta ez\u00ed malda b\u00fama, l\u00e9 ne ber cev\u00e9 w\u00e9 b\u00fama, min did\u00edt, wek\u00ed cawa cev\u00e9 xwe min diger\u00edne \u00fa, gava ez did\u00edtim, cev\u00e9 w\u00e9 bi shab\u00fan tijh\u00ed b\u00fan.<\/p>\n<p>D\u00edya mine tere-jan emr\u00e9 xwe dab\u00fan ser min \u00fa temam\u00edya bextewar\u00edya xwe nava min dadid\u00edt. Ew sib\u00e9 hetan\u00ed \u00e9var\u00e9 dixebt\u00ed, dicercir\u00ed, hezar tel\u00ed-tengas\u00ed did\u00edtin anjax eb\u00fara mala meye bic\u00fak dikir. W\u00ed cax\u00ed min fem nedikir, w\u00ed cax\u00ed ez\u00ed zar b\u00fam.<\/p>\n<p>Heywan\u00e9 me tuneb\u00fa. De, gund\u00e9 c\u00edyada heywan\u00e9 k\u00e9 tunebe, ard\u00fay\u00e9 wan jh\u00ed tune. (Gund\u00e9 meda w\u00ed cax\u00ed ard\u00fa her ten\u00e9 serg\u00edn b\u00fan. Ez \u00fa d\u00edya xwe dic\u00fan, me col\u00e9 pesar\u00ed top dikirin. Ew\u00e9 shalkeke mezin dida ber xwe, em best\u00e9 diketin \u00fa me pesar\u00ed berev dikirin. Min top dikir, dikire p\u00e9sha d\u00edya xwe. Wexta p\u00e9sha w\u00e9 tijh\u00ed dib\u00fa, cewal\u00e9 ser mil\u00e9 xwe dida min, wek\u00ed der\u00ed bigrim, ew\u00e9 jh\u00ed p\u00e9sar\u00edy\u00e9 pesha xwe valay\u00ed cev\u00e9l dikir, ez didame ber, l\u00e9 bi xwe dic\u00fa d\u00edsa topke. Wexta cewal tijh\u00ed dib\u00fa, der\u00e9 w\u00ed gir\u00e9dida \u00fa dikete ber, min ra digot, wek\u00ed cev\u00e9l ser pisht\u00e9da xarkim. Jarna qewata me nedigih\u00edsht\u00e9. W\u00ed cax\u00ed me cewal nav hevra dikir, kash dikir, dibir ber kevirek\u00ed. Ew dikete ber, mil\u00e9 xwe ben\u00e9 cev\u00e9lra dikir. Min jh\u00ed hevek\u00ed qas\u00ed qewata xwe komek diday\u00e9 \u00fa ew\u00e9 cewal\u00e9 pesar\u00edya pisht dikir \u00fa digote min.<\/p>\n<p>-De, bide pesh\u00edya d\u00edya xwe, em herin, kur\u00e9 min.<\/p>\n<p>Min dida p\u00e9sh\u00edy\u00e9, l\u00e9 ew bar\u00e9 gran li pisht\u00e9, pey min dihat. Hertim usa b\u00fa: ez\u00ed p\u00e9sh\u00edy\u00e9, ewe pey min, wek\u00ed time ber cav\u00e9 w\u00e9 bim, min bib\u00edne.<\/p>\n<p>Jarek\u00e9 jh\u00ed em c\u00fan\u00e9 c\u00edy\u00e9 pesar\u00edya. D\u00edsa cewal\u00e9 pesar\u00edya pishta d\u00edya min b\u00fa, ez jh\u00ed p\u00e9sh\u00edya w\u00e9 dihatim. Wext\u00e9 em jhi c\u00edy\u00e9 peya b\u00fan, cawa qewim\u00ed, ling\u00e9 min jimit\u00ed, ez erd\u00e9 ketim, tulol b\u00fam. Eger hevek\u00ed jh\u00ed tulol b\u00fama, ez\u00e9 kend\u00e9lda biketama. Hetan\u00ed niha jhi ez nikarim tegm\u00ednkim, wek\u00ed d\u00edya min bi ci lez\u00e9, bi ci zoray\u00e9 cewal\u00e9 pishta xwe av\u00edt, xwe min rag\u00edhand \u00fa ez girtim. Ew\u00e9 her ten\u00e9 karib\u00fa dest bav\u00e9jhe delinga shel\u00e9 min, deling qelsh\u00ed, l\u00e9 ew\u00e9 p\u00e9ra g\u00edhand jhorda xwe bavejh\u00e9 ser min. Hetan\u00ed niha jh\u00ed deng\u00e9 qar\u00edna w\u00e9 ber guh\u00e9 mine. P\u00e9ra-p\u00e9ra ez rakirim, dame ber dil\u00e9 xwe \u00fa derxistime ser\u00e9 r\u00e9. B\u00edna w\u00e9 dicik\u00edya, r\u00fanisht \u00fa ez jh\u00ed dame ber s\u00edng\u00e9 xwe. Ez bernedam, s\u00edng\u00e9 xweva guvashtim \u00fa gir\u00edya,. Cawa digir\u00edya, her cevek hiltan\u00ed hezar h\u00e9sir dibarand. \u00c9p\u00e9jey\u00ed gir\u00edya. Hey digr\u00edya , hey min dinih\u00e9r\u00ed. Cev\u00e9 w\u00e9da cawa undakirin \u00fa shab\u00fana d\u00edtina min tev\u00ed hev b\u00fab\u00fa.<\/p>\n<p>W\u00ed cax\u00ed min nizanb\u00fa, w\u00ed cax\u00ed ez\u00ed nizanb\u00fa.<\/p>\n<p>Wexte shil\u00ed-shoy\u00e9 derbihar\u00e9 b\u00fa. Ez c\u00fab\u00fam w\u00ed ber\u00e9 cem\u00e9 k\u00e9leka gund\u00e9 me \u00fa min p\u00edcok dich\u00ednin. \u00c9p\u00e9jey\u00ed jhi c\u00e9m d\u00farketib\u00fam, gava baraneke usa bar\u00ed, te b\u00e9jh\u00ed sherbika jhorda dikirine xwar. Hetan\u00ed ez rev\u00edm hatim gih\u00edshtme ber c\u00e9m, ava w\u00ed gur b\u00fab\u00fa, jhi kenar derketb\u00fa, b\u00fab\u00fa l\u00e9y\u00ed, ew der dab\u00fane ber xwe. Ez ditirsyam bikevime c\u00e9m, derbaz bim. \u00da w\u00ed al\u00ed c\u00e9m sekn\u00ed b\u00fam. Cara min hatib\u00fa bir\u00edn\u00e9 \u00fa digr\u00edyam. De nizanim d\u00edya min nava w\u00e9 xushe- xush\u00e9da cawa deng\u00e9 gir\u00edy\u00e9 min bih\u00edstb\u00fa \u00fa min d\u00ed w\u00e9 cawa direve t\u00e9. Gih\u00edshte ber c\u00e9m, p\u00e9ra-p\u00e9ra da nava av\u00e9. Ling\u00e9 w\u00e9 shimit\u00ed, ket, av\u00e9 l\u00e9da bir. K\u00fare-k\u00fara min b\u00fa, ez jh\u00ed kenar\u00e9 c\u00e9mra tev\u00ed w\u00e9 berjh\u00e9r dic\u00fam. Qe nizanim bi ci qewat\u00e9 ew\u00e9 xwe kenarra g\u00edhand, dest\u00e9 xwe av\u00edte zin\u00e9r \u00fa derket. Gih\u00edshte min, bi wan kinj\u00e9 shilava ez dame ber dil\u00e9 xwe \u00fa qeref\u00edska r\u00fanisht. Jhi av\u00e9 tirs\u00edyay\u00ed b\u00fa, turush nedikir min derbazke. Em man hetan\u00ed baran\u00e9 vekir. Rex kenar ket hetan\u00ed j\u00edk\u00ed bi fesal d\u00ed \u00fa ez derbaz kirim.<\/p>\n<p>Ceqe-ceqa dev-diran\u00e9 min b\u00fa, min dirijifand. L\u00e9 ev\u00e9, t\u00e9 b\u00e9jh\u00ed, serma nedikir: ez diha s\u00edng\u00e9 xweva guvashtib\u00fam. Ez germ b\u00fam, min \u00edd\u00ed nedirijfand.<\/p>\n<p>W\u00ed cax\u00ed min nizan b\u00fa, w\u00ed cax\u00ed ez\u00ed nezan b\u00fam. Pash\u00e9 min fem kir, wek\u00ed agir\u00e9 hiskirina d\u00e9 ez germ kirime. Min pash\u00e9 t\u00e9 derxist.<\/p>\n<p>Sal derbaz b\u00fan, ez mezin b\u00fam. Min mekteba orte kuta kir. Got\u00ed herim \u00edntama bidim \u00fa \u00eddara xwendin\u00e9ye bilindda b\u00e9me qeb\u00falkirin\u00e9. Ez\u00e9 herim, l\u00e9 d\u00edya min? De d\u00edya mine, w\u00e9 bim\u00edne, mala w\u00e9, hal\u00e9 w\u00e9heye. Ez\u00e9 jh\u00ed nema jh\u00e9ra bish\u00ednim, wext\u00e9 h\u00e9sab\u00fana b\u00e9m bib\u00ednim.<\/p>\n<p>Siba ez\u00e9 herim, w\u00e9 shev\u00e9 xew nekete ceva, kinj\u00e9 min hazir dikir, tivd\u00edra min did\u00edt. Cev\u00e9 w\u00e9da him shab\u00fan heb\u00fa, him jh\u00ed xem. Shab\u00fa, wek\u00ed kur\u00e9 w\u00e9 dice, dix\u00fane, cawa w\u00e9 digot: &#8220;w\u00e9 bibe mer\u00ed&#8221;. Berxwe diket, wek\u00ed kure here, jh\u00e9 d\u00farkeve, id\u00ed herro ber ceva n\u00edbe.<\/p>\n<p>Bi wan cev\u00e9 sha \u00fa xem jh\u00ed ez ver\u00e9kirim. Hetan\u00ed binetara gund min rahat, pash\u00e9 hate r\u00fay\u00e9 min, xatir\u00e9 xwe jhi min xwest \u00fa veger\u00edya. Hevek\u00ed c\u00fa, sekn\u00ed. \u00da sekin\u00ed hetan\u00ed ez c\u00fam, nepen\u00edy\u00e9da xar b\u00fam.<\/p>\n<p>B\u00fame xwendekar. Neme dihatin \u00fa dic\u00fan. Le nem\u00e9 w\u00e9 diha gelek b\u00fan. &#8220;B\u00edna te jhi nem\u00e9 te t\u00e9 , lao&#8221;. Tim\u00e9 wa dinv\u00eds\u00ed. Ez\u00ed jahil b\u00fam, ez\u00ed b\u00e9xem b\u00fam.<\/p>\n<p>Wexta h\u00e9sab\u00fana wedger\u00edyame mal\u00e9, bi hizret ez pac dikirim, ser\u00e9 min dadan\u00ed ser s\u00edng\u00e9 xwe, z\u00far dib\u00fa li min dinih\u00e9r\u00ed, t\u00e9 b\u00e9jh\u00ed bi ceva dixwest hizreta dil\u00e9 xwe jhi min hilde. Bi ceva motaj\u00e9 min b\u00fa \u00fa bi ceva jh\u00ed jhi min t\u00e9r nedib\u00fa.<\/p>\n<p>Ci xwarina min hiz dikir, ew c\u00e9dikir, k\u00e9leka min r\u00fadinisht, nan berda nedic\u00fa, z\u00far dib\u00fa min dinih\u00e9r\u00ed. Derheqa mal\u00e9da, der-j\u00ednar, gundda min ragil\u00ed dikir \u00fa, t\u00e9 b\u00e9jh\u00ed , bi dil tegm\u00edn dikir, wek\u00ed dixwazim derheqa cida zanibim, derheqa w\u00e9 yek\u00e9da jh\u00ed min ragil\u00ed dikir.<\/p>\n<p>Rojhtira may\u00edn kinj\u00e9 xwey\u00e9 b\u00fakt\u00edy\u00e9 xwe dikir, rex min diket \u00fa em dic\u00fan mala xal\u00e9 min. Ciqas shab\u00fa, ciqas kurbar b\u00fa, wek\u00ed ez rex w\u00e9me. T\u00e9 b\u00e9jh\u00ed bengz\u00e9 w\u00e9 mer\u00edyara digot: &#8220;H\u00fan dib\u00ednin xortek\u00ed cawa jhi kor\u00e9 min\u00ed tay\u00e9-ten\u00e9 derket\u00edye. Ha rex d\u00e9 ket\u00edye, dice mala xal\u00e9&#8221;!.<\/p>\n<p>W\u00ed cax\u00ed qet fikra min ra jh\u00ed derbaz nedib\u00fa, wek\u00ed d\u00edya min ciqas\u00ed b\u00edra min dike, cika ez\u00e9 keng\u00e9 bem. Dibe, wexta ez\u00ed he li malim, ew xewn\u00e9da min dib\u00edne, min ra xeber dide, bona min ber xwe dikeve. Ez\u00ed jahil b\u00fam, ez\u00ed b\u00e9xem b\u00fam, tegm\u00edn nedikir, wek\u00ed d\u00edya mine ez\u00edz, d\u00edya mine z\u00e9r\u00edyay\u00ed, temam\u00edya alav-agir\u00e9 dil\u00e9 xwe daye min. Min hela h\u00e9 nizanb\u00fa hizkirina d\u00e9 c\u00edye.<\/p>\n<p>Sala duda ez ver\u00e9kirim. Cev\u00e9 w\u00e9da saw heb\u00fa. Le min tegmin hedikir. D\u00edsa hetan\u00ed binetara gund min rahat, xatir\u00e9 xwe jhi min xwest \u00fa veger\u00edya. Cend gava c\u00fa, sekin\u00ed. Pishta xwe min dakir. Nexwest ez h\u00e9sir\u00e9 w\u00e9 bib\u00ednim. P\u00e9 p\u00e9sha shalk\u00e9 cev\u00e9 xwe temiz kir \u00fa lez zivir\u00ed, hat gih\u00edshta min. \u00cdd\u00ed nedigir\u00edya, l\u00e9 cev\u00e9 w\u00e9 sh\u00e9l\u00fa b\u00fab\u00fan. Min kir, nekir veneger\u00edya, go ez\u00e9 b\u00e9m hetan\u00ed te dikim avtoy\u00e9, ver\u00e9dikim. V\u00e9 jar\u00e9 d\u00edya min ber cev\u00e9 min diha belengaz b\u00fab\u00fa, diha z\u00e9r\u00edyay\u00ed dihate kivsh\u00e9, m\u00ednan\u00ed ber\u00e9 lezo-bezo n\u00edb\u00fa. Saweke mezin cevada heb\u00fa. Min tegm\u00edn kir, wek\u00ed dil\u00e9 d\u00edya min jhi tishtek\u00ed ditirse, le min qutar nekir jh\u00e9 bipirsim. Min bipirs\u00edya jh\u00ed tu jara nedigot. Qet xema dil\u00e9 xwe dikire dil\u00e9 kur?<\/p>\n<p>Hetan\u00ed ber abtob\u00fas\u00e9 min rahat. Teyax nekir, xwe av\u00edte p\u00e9s\u00edra min \u00fa gir\u00edya. Kela dil\u00e9 min jh\u00ed tijh\u00ed b\u00fa, h\u00e9sir jhi cev\u00e9 min hatine xar\u00e9. Gava h\u00e9sir\u00e9 min d\u00edtin, tirs\u00edya, gavek\u00e9 jhi min d\u00farket, z\u00far b\u00fa, min nih\u00e9r\u00ed. Pash\u00e9 min rakire sher \u00fa bi dev\u00e9 ken ez ber\u00e9kirim.<\/p>\n<p>Cend meh ketne ort\u00e9. Jab kir, wek\u00ed ez herim. \u00c9var\u00e9 dereng gih\u00edshtme mal\u00e9. D\u00edya min nexwesh nava j\u00edyadab\u00fa. Wexta derda c\u00fam, zivir\u00ed, al\u00edy\u00e9 min nih\u00e9r\u00ed. Cend h\u00e9sir ser s\u00faret\u00e9 w\u00e9ra gulol b\u00fane jh\u00e9r\u00e9. St\u00fay\u00e9 w\u00e9 al\u00edy\u00e9 min daxar b\u00fa. Ez c\u00fame r\u00faa, min dest\u00e9 w\u00e9 pac kir, k\u00e9lek\u00e9 r\u00fanishtim, da xeberdan\u00e9. Min l\u00e9nih\u00e9r\u00ed d\u00edya min nikare pak\u00ed xeberde. Min ragotin, wek\u00ed jhi tirs\u00e9 ev nexwesh\u00ed gih\u00edsht\u00edy\u00e9. Shev radiz\u00e9 xew\u00edn\u00e9 dib\u00edne, wek\u00ed min ber cev\u00e9 w\u00e9 sherjh\u00e9 dikin. Dike qar\u00edn \u00fa jhi nava j\u00edya banz did\u00e9. W\u00e9 rojh\u00e9da dehg\u00e9 d\u00edya min t\u00e9 bir\u00edn\u00e9. Men\u00ed ez b\u00fame.<\/p>\n<p>Ew cendek b\u00fa ez k\u00e9leka d\u00edya xwe ranedib\u00fam. St\u00fay\u00e9 w\u00e9 al\u00edy\u00e9 min datim\u00e9 xar b\u00fa, z\u00far b\u00fab\u00fa cev\u00e9 min dinh\u00e9r\u00ed, h\u00e9sir b\u00fan jhorda dihatne xar\u00e9, l\u00e9 zar nediger\u00edya. Bi ceva min ra xeber dida, bi ceva dil\u00e9 min dihes\u00edya. Wexta ez radib\u00fam, nava mal\u00e9 dic\u00fam-dihatim bi ceva min diger\u00edya \u00fa, gava ez did\u00edtim, t\u00e9 b\u00e9jh\u00ed, cev\u00e9 w\u00e9 rehet dib\u00fan,. Kenk\u00e9 cev\u00e9 w\u00e9 gran dihatne ser hev. \u00c9mek\u00e9 ditemjh\u00ed. Min tir\u00e9 razaye. L\u00e9 nishk\u00e9va cev\u00e9 xwe vedikir p\u00e9ra-p\u00e9ra d\u00edsa min diger\u00edya \u00fa bi ceva gaz\u00ed min dikir, wek\u00ed b\u00e9m, k\u00e9lek\u00e9 r\u00fan\u00e9m. Jara kutas\u00edy\u00e9 dest\u00e9 min hilda da ser cev\u00e9 xwe. \u00c9p\u00e9je wext dest\u00e9 min berneda. Cev\u00e9 w\u00e9 bin dest\u00e9 min dadireqis\u00edn. Min tegmin kir, wek\u00ed kefa dest\u00e9 min dadireqis\u00edn. Min d\u00edt bin dest\u00e9 min ra h\u00e9sir\u00e9 w\u00e9 hatin, daketin ser s\u00faret. Dest\u00e9 min ser ceva an\u00edya d\u00edya min sar b\u00fa. Min dest\u00e9 xwe hilda, d\u00edt, cev\u00e9 w\u00e9 ketine hev. Dest\u00e9 min ser ceva d\u00edya min tegd\u00edr da.<\/p>\n<p>Day\u00e9 jan, t\u00e9 bibaxsh\u00edn\u00ed, ez\u00ed w\u00ed cax\u00ed jahil b\u00fam, ez\u00ed w\u00ed cax\u00ed nezan b\u00fam. Pash\u00e9 her tisht fem kir, her tisht tegm\u00edn kir, her tisht\u00ed hes\u00edyam \u00fa q\u00edmet kir, gava ez b\u00fame bav. L\u00e9 \u00edd\u00ed dereng b\u00fa.<\/p>\n<p>salla 1975:an<\/p>\n<div id=\"book-navigation-167\" class=\"book-navigation\">\n<div class=\"page-links clear-block\"><a class=\"page-previous\" title=\"Go to previous page\" href=\"https:\/\/kurdishacademy.org\/wp\/kukuxtiye-bizeweke\/\">\u2039 Kukuxt\u00edye Biz\u00e9weke!<\/a><a class=\"page-up\" title=\"Go to parent page\" href=\"https:\/\/web.archive.org\/web\/20160412233159\/https:\/\/kurdishacademy.org\/?q=node\/167\">up<\/a><\/div>\n<\/div>\n<\/div>\n<div class=\"clear-block\">\n<div class=\"meta\"><\/div>\n<div class=\"links\">\n<ul class=\"links inline\">\n<li class=\"book_printer first\"><a class=\"print-page\" title=\"Display a printer-friendly version of this page.\" href=\"https:\/\/web.archive.org\/web\/20160412233159\/https:\/\/kurdishacademy.org\/?q=print\/book\/export\/html\/169\" rel=\"nofollow\"><img loading=\"lazy\" decoding=\"async\" class=\"print-icon\" title=\"Printer-friendly version\" src=\"https:\/\/web.archive.org\/web\/20160412233159im_\/https:\/\/kurdishacademy.org\/sites\/all\/modules\/print\/icons\/print_icon.gif\" alt=\"Printer-friendly version\" width=\"16\" height=\"16\" \/><\/a><\/li>\n<li class=\"comment_forbidden\"><a class=\"lightmodal-login lightbox-processed\" href=\"https:\/\/web.archive.org\/web\/20160412233159\/https:\/\/kurdishacademy.org\/?q=user\/login\/lightbox2&amp;destination=comment%2Freply%2F169%23comment-form\" rel=\"lightmodal[|width:250px; height:210px;]\">Login<\/a>\u00a0or\u00a0<a href=\"https:\/\/web.archive.org\/web\/20160412233159\/https:\/\/kurdishacademy.org\/?q=user\/register&amp;destination=comment%2Freply%2F169%23comment-form\">register<\/a>\u00a0to post comments<\/li>\n<li class=\"statistics_counter last\">9757 reads<\/li>\n<\/ul>\n<\/div>\n<\/div>\n<\/div>\n<div id=\"block-book-0\" class=\"clear-block block block-book\">\n<div class=\"content\">\n<ul class=\"menu\">\n<li>\n<h2><a class=\"book-title active\" href=\"https:\/\/kurdishacademy.org\/wp\/2018\/09\/19\/short-stories\/\">Kurdish Short Stories<\/a><\/h2>\n<div class=\"content\">\n<ul class=\"menu\">\n<li class=\"leaf first\"><a href=\"https:\/\/kurdishacademy.org\/wp\/ciroki-merr-u-bizin\/\">C\u00edrok\u00ed Merr u Bizin<\/a><\/li>\n<li class=\"leaf\"><a href=\"https:\/\/kurdishacademy.org\/wp\/duwanze-suwarey-meriwan\/\">Duwanze suwarey Mer\u00edwan<\/a><\/li>\n<li class=\"leaf\"><a href=\"https:\/\/kurdishacademy.org\/wp\/2018\/09\/19\/jefen-roviye-fenek\/\">JEFEN: Roviy\u00e9 fenek<\/a><\/li>\n<li class=\"leaf\"><a href=\"https:\/\/kurdishacademy.org\/wp\/2018\/09\/19\/jefen-rovi-u-mar\/\">JEFEN: Rov\u00ed \u00fa mar<\/a><\/li>\n<li class=\"leaf\"><a href=\"https:\/\/kurdishacademy.org\/wp\/kukuxtiye-bizeweke\/\">Kukuxt\u00edye Biz\u00e9weke!<\/a><\/li>\n<li><a href=\"https:\/\/kurdishacademy.org\/wp\/2018\/09\/19\/idi-dereng-bu\/\">\u00cdd\u00ed dereng b\u00fa<\/a><\/li>\n<\/ul>\n<\/div>\n<\/li>\n<\/ul>\n<\/div>\n<\/div>\n<\/div>\n","protected":false},"excerpt":{"rendered":"<p>Niv\u00edskar: Emer\u00edk\u00e9 Serdar Maia Tibl\u00eds\u00ed, li Kurd\u00edya Cyrillic jhi Kurd\u00edya yekgir\u00e9 vegorr\u00edy\u00e9 Zar\u00e9 mehela me gelek b\u00fan. Em sib\u00e9 hetan\u00ed \u00e9var\u00e9 jem hev b\u00fan, me tevay\u00ed<span class=\"excerpt-hellip\"> [\u2026]<\/span><\/p>\n","protected":false},"author":1,"featured_media":1669,"parent":0,"menu_order":0,"comment_status":"open","ping_status":"open","template":"","meta":{"footnotes":""},"categories":[],"tags":[],"class_list":["post-1581","page","type-page","status-publish","has-post-thumbnail","hentry"],"_links":{"self":[{"href":"https:\/\/kurdishacademy.org\/index.php?rest_route=\/wp\/v2\/pages\/1581","targetHints":{"allow":["GET"]}}],"collection":[{"href":"https:\/\/kurdishacademy.org\/index.php?rest_route=\/wp\/v2\/pages"}],"about":[{"href":"https:\/\/kurdishacademy.org\/index.php?rest_route=\/wp\/v2\/types\/page"}],"author":[{"embeddable":true,"href":"https:\/\/kurdishacademy.org\/index.php?rest_route=\/wp\/v2\/users\/1"}],"replies":[{"embeddable":true,"href":"https:\/\/kurdishacademy.org\/index.php?rest_route=%2Fwp%2Fv2%2Fcomments&post=1581"}],"version-history":[{"count":0,"href":"https:\/\/kurdishacademy.org\/index.php?rest_route=\/wp\/v2\/pages\/1581\/revisions"}],"wp:featuredmedia":[{"embeddable":true,"href":"https:\/\/kurdishacademy.org\/index.php?rest_route=\/"}],"wp:attachment":[{"href":"https:\/\/kurdishacademy.org\/index.php?rest_route=%2Fwp%2Fv2%2Fmedia&parent=1581"}],"wp:term":[{"taxonomy":"category","embeddable":true,"href":"https:\/\/kurdishacademy.org\/index.php?rest_route=%2Fwp%2Fv2%2Fcategories&post=1581"},{"taxonomy":"post_tag","embeddable":true,"href":"https:\/\/kurdishacademy.org\/index.php?rest_route=%2Fwp%2Fv2%2Ftags&post=1581"}],"curies":[{"name":"wp","href":"https:\/\/api.w.org\/{rel}","templated":true}]}}